{"id":18631,"date":"2020-11-19T11:05:37","date_gmt":"2020-11-19T08:05:37","guid":{"rendered":"https:\/\/www.tempakimya.com.tr\/TURKISH\/?page_id=18631"},"modified":"2020-11-19T12:18:32","modified_gmt":"2020-11-19T09:18:32","slug":"tec-t-brn-101-matbaa-merdanetemizleme-sivisi","status":"publish","type":"page","link":"https:\/\/www.tempakimya.com.tr\/TURKISH\/urunler\/matbaa-kimyasallari\/tec-t-brn-101-matbaa-merdanetemizleme-sivisi\/","title":{"rendered":"TEC-T BRN 101 MATBAA MERDANETEM\u0130ZLEME SIVISI"},"content":{"rendered":"[vc_row][vc_column][vc_single_image image=&#8221;18649&#8243; img_size=&#8221;full&#8221;][\/vc_column][\/vc_row][vc_row element_id=&#8221;542556&#8243; css=&#8221;.vc_custom_1605770352407{padding-top: 125px !important;}&#8221;][vc_column width=&#8221;1\/2&#8243;][vc_column_text animation_delay=&#8221;0&#8243;]\n<p style=\"text-align: center;\"><strong>TEC-T BRN 101<\/strong><br \/>\n<strong>MATBAA MERDANETEM\u0130ZLEME SIVISI<\/strong><\/p>\n[\/vc_column_text][vc_single_image image=&#8221;18618&#8243; img_size=&#8221;full&#8221; alignment=&#8221;center&#8221;][vc_column_text animation_delay=&#8221;0&#8243;]\n<p style=\"text-align: center;\"><strong><span class=\"fontstyle0\">5 KG &#8211; 30 KG &#8211; 200 KG &#8211; 1000 KG<\/span><\/strong><\/p>\n[\/vc_column_text][\/vc_column][vc_column width=&#8221;1\/2&#8243;][vc_column_text animation_delay=&#8221;0&#8243;]Y\u00fcksek temizleme g\u00fcc\u00fc olan, koruma \u00f6zelli\u011fi de sunan, su ile em\u00fclsiyon yapma kabiliyeti ile blanket ve merdane y\u0131kama kimyasal\u0131d\u0131r.<\/p>\n<p><strong>Avantajlar<\/strong><\/p>\n<p>\u2022\u00dcst\u00fcn \u00e7\u00f6z\u00fcc\u00fc \u00f6zelli\u011fi sayesinde, m\u00fcrekkepleri kolayca \u00e7\u00f6zerek temizler.<br \/>\n\u2022Su ile em\u00fclsiyon yap\u0131lmas\u0131 sayesinde, kolayca su ile durulan\u0131r.<br \/>\n\u2022Makine ve ekipmanlar i\u00e7in kesinlikle korozyon yapmaz.<br \/>\n\u2022Kau\u00e7uk merdaneler ve blanketler i\u00e7in g\u00fcvenlidir.<\/p>\n<p><strong>Uygulama<\/strong><\/p>\n<p>Elle kullan\u0131m i\u00e7in, tiftik yapmayan bir bez yard\u0131m\u0131 ile, kimyasala bat\u0131r\u0131larak, y\u00fczeyler temizlenir daha sonra su ile durulan\u0131r. Otomatik makine i\u00e7in makine kullan\u0131m talimatlar\u0131na g\u00f6re hareket ediniz.[\/vc_column_text][\/vc_column][\/vc_row]\n","protected":false},"excerpt":{"rendered":"<p>[vc_row][vc_column][vc_single_image image=&#8221;18649&#8243; img_size=&#8221;full&#8221;][\/vc_column][\/vc_row][vc_row element_id=&#8221;542556&#8243; css=&#8221;.vc_custom_1605770352407{padding-top: 125px !important;}&#8221;][vc_column width=&#8221;1\/2&#8243;][vc_column_text animation_delay=&#8221;0&#8243;] TEC-T BRN 101 MATBAA MERDANETEM\u0130ZLEME SIVISI [\/vc_column_text][vc_single_image image=&#8221;18618&#8243; img_size=&#8221;full&#8221; alignment=&#8221;center&#8221;][vc_column_text animation_delay=&#8221;0&#8243;] 5 KG &#8211; 30 KG &#8211; 200 KG &#8211; 1000 KG [\/vc_column_text][\/vc_column][vc_column width=&#8221;1\/2&#8243;][vc_column_text animation_delay=&#8221;0&#8243;]Y\u00fcksek temizleme g\u00fcc\u00fc olan, koruma \u00f6zelli\u011fi de sunan, su ile em\u00fclsiyon yapma kabiliyeti ile blanket ve merdane y\u0131kama kimyasal\u0131d\u0131r. Avantajlar \u2022\u00dcst\u00fcn \u00e7\u00f6z\u00fcc\u00fc [&hellip;]<\/p>\n","protected":false},"author":2,"featured_media":0,"parent":18610,"menu_order":0,"comment_status":"closed","ping_status":"closed","template":"","meta":[],"_links":{"self":[{"href":"https:\/\/www.tempakimya.com.tr\/TURKISH\/wp-json\/wp\/v2\/pages\/18631"}],"collection":[{"href":"https:\/\/www.tempakimya.com.tr\/TURKISH\/wp-json\/wp\/v2\/pages"}],"about":[{"href":"https:\/\/www.tempakimya.com.tr\/TURKISH\/wp-json\/wp\/v2\/types\/page"}],"author":[{"embeddable":true,"href":"https:\/\/www.tempakimya.com.tr\/TURKISH\/wp-json\/wp\/v2\/users\/2"}],"replies":[{"embeddable":true,"href":"https:\/\/www.tempakimya.com.tr\/TURKISH\/wp-json\/wp\/v2\/comments?post=18631"}],"version-history":[{"count":2,"href":"https:\/\/www.tempakimya.com.tr\/TURKISH\/wp-json\/wp\/v2\/pages\/18631\/revisions"}],"predecessor-version":[{"id":18651,"href":"https:\/\/www.tempakimya.com.tr\/TURKISH\/wp-json\/wp\/v2\/pages\/18631\/revisions\/18651"}],"up":[{"embeddable":true,"href":"https:\/\/www.tempakimya.com.tr\/TURKISH\/wp-json\/wp\/v2\/pages\/18610"}],"wp:attachment":[{"href":"https:\/\/www.tempakimya.com.tr\/TURKISH\/wp-json\/wp\/v2\/media?parent=18631"}],"curies":[{"name":"wp","href":"https:\/\/api.w.org\/{rel}","templated":true}]}}