{"id":18407,"date":"2020-09-24T17:26:07","date_gmt":"2020-09-24T14:26:07","guid":{"rendered":"https:\/\/tempakimya.com.tr\/2020\/?page_id=18407"},"modified":"2020-10-02T09:48:21","modified_gmt":"2020-10-02T06:48:21","slug":"maby-tec-t-14-agir-yag-cozucu","status":"publish","type":"page","link":"https:\/\/www.tempakimya.com.tr\/TURKISH\/urunler\/beton-temizleme-grubu\/maby-tec-t-14-agir-yag-cozucu\/","title":{"rendered":"MABY TEC T 14 A\u011eIR YA\u011e \u00c7\u00d6Z\u00dcC\u00dc"},"content":{"rendered":"<p>MABY TEC T 14 A\u011eIR YA\u011e \u00c7\u00d6Z\u00dcC\u00dc<\/p>\n<p><strong>Kullan\u0131m Alanlar\u0131:<\/strong> Beton mikser, pompa\u00a0 ve kupa \u00fczerinde olu\u015fan yo\u011fun ya\u011f\u0131n \u00e7\u0131kar\u0131lmas\u0131nda etkin bir malzemedir.<\/p>\n<p><strong>Kullan\u0131m \u015eekli:<\/strong> 1\/3-1\/20 konsantredir. P\u00fcsk\u00fcrt\u00fclerek y\u0131kama tabancas\u0131 veya f\u0131r\u00e7a ile temizleme yap\u0131l\u0131r.<\/p>\n","protected":false},"excerpt":{"rendered":"<p>MABY TEC T 14 A\u011eIR YA\u011e \u00c7\u00d6Z\u00dcC\u00dc Kullan\u0131m Alanlar\u0131: Beton mikser, pompa\u00a0 ve kupa \u00fczerinde olu\u015fan yo\u011fun ya\u011f\u0131n \u00e7\u0131kar\u0131lmas\u0131nda etkin bir malzemedir. Kullan\u0131m \u015eekli: 1\/3-1\/20 konsantredir. P\u00fcsk\u00fcrt\u00fclerek y\u0131kama tabancas\u0131 veya f\u0131r\u00e7a ile temizleme yap\u0131l\u0131r.<\/p>\n","protected":false},"author":2,"featured_media":0,"parent":17924,"menu_order":0,"comment_status":"closed","ping_status":"closed","template":"","meta":[],"_links":{"self":[{"href":"https:\/\/www.tempakimya.com.tr\/TURKISH\/wp-json\/wp\/v2\/pages\/18407"}],"collection":[{"href":"https:\/\/www.tempakimya.com.tr\/TURKISH\/wp-json\/wp\/v2\/pages"}],"about":[{"href":"https:\/\/www.tempakimya.com.tr\/TURKISH\/wp-json\/wp\/v2\/types\/page"}],"author":[{"embeddable":true,"href":"https:\/\/www.tempakimya.com.tr\/TURKISH\/wp-json\/wp\/v2\/users\/2"}],"replies":[{"embeddable":true,"href":"https:\/\/www.tempakimya.com.tr\/TURKISH\/wp-json\/wp\/v2\/comments?post=18407"}],"version-history":[{"count":2,"href":"https:\/\/www.tempakimya.com.tr\/TURKISH\/wp-json\/wp\/v2\/pages\/18407\/revisions"}],"predecessor-version":[{"id":18530,"href":"https:\/\/www.tempakimya.com.tr\/TURKISH\/wp-json\/wp\/v2\/pages\/18407\/revisions\/18530"}],"up":[{"embeddable":true,"href":"https:\/\/www.tempakimya.com.tr\/TURKISH\/wp-json\/wp\/v2\/pages\/17924"}],"wp:attachment":[{"href":"https:\/\/www.tempakimya.com.tr\/TURKISH\/wp-json\/wp\/v2\/media?parent=18407"}],"curies":[{"name":"wp","href":"https:\/\/api.w.org\/{rel}","templated":true}]}}