{"id":18396,"date":"2020-09-24T17:24:54","date_gmt":"2020-09-24T14:24:54","guid":{"rendered":"https:\/\/tempakimya.com.tr\/2020\/?page_id=18396"},"modified":"2020-10-02T09:47:53","modified_gmt":"2020-10-02T06:47:53","slug":"maby-tec-fnh-beton-sokucu-temizleyici","status":"publish","type":"page","link":"https:\/\/www.tempakimya.com.tr\/TURKISH\/urunler\/beton-temizleme-grubu\/maby-tec-fnh-beton-sokucu-temizleyici\/","title":{"rendered":"MABY TEC FNH BETON S\u00d6K\u00dcC\u00dc TEM\u0130ZLEY\u0130C\u0130"},"content":{"rendered":"<p>MABY TEC FNH BETON S\u00d6K\u00dcC\u00dc TEM\u0130ZLEY\u0130C\u0130<\/p>\n<p><strong>Kullan\u0131m Alanlar\u0131:<\/strong> Beton mikser ve pompalar\u0131n\u0131n beton temizli\u011finde etkin bir malzemedir.<\/p>\n<p><strong>Kullan\u0131m \u015eekli:<\/strong> 1\/3-1\/20 konsantredir. Y\u00fczeye p\u00fcsk\u00fcrt\u00fcl\u00fcr, y\u0131kama tabancas\u0131 ile temizleme yap\u0131l\u0131r.<\/p>\n","protected":false},"excerpt":{"rendered":"<p>MABY TEC FNH BETON S\u00d6K\u00dcC\u00dc TEM\u0130ZLEY\u0130C\u0130 Kullan\u0131m Alanlar\u0131: Beton mikser ve pompalar\u0131n\u0131n beton temizli\u011finde etkin bir malzemedir. Kullan\u0131m \u015eekli: 1\/3-1\/20 konsantredir. Y\u00fczeye p\u00fcsk\u00fcrt\u00fcl\u00fcr, y\u0131kama tabancas\u0131 ile temizleme yap\u0131l\u0131r.<\/p>\n","protected":false},"author":2,"featured_media":0,"parent":17924,"menu_order":0,"comment_status":"closed","ping_status":"closed","template":"","meta":[],"_links":{"self":[{"href":"https:\/\/www.tempakimya.com.tr\/TURKISH\/wp-json\/wp\/v2\/pages\/18396"}],"collection":[{"href":"https:\/\/www.tempakimya.com.tr\/TURKISH\/wp-json\/wp\/v2\/pages"}],"about":[{"href":"https:\/\/www.tempakimya.com.tr\/TURKISH\/wp-json\/wp\/v2\/types\/page"}],"author":[{"embeddable":true,"href":"https:\/\/www.tempakimya.com.tr\/TURKISH\/wp-json\/wp\/v2\/users\/2"}],"replies":[{"embeddable":true,"href":"https:\/\/www.tempakimya.com.tr\/TURKISH\/wp-json\/wp\/v2\/comments?post=18396"}],"version-history":[{"count":4,"href":"https:\/\/www.tempakimya.com.tr\/TURKISH\/wp-json\/wp\/v2\/pages\/18396\/revisions"}],"predecessor-version":[{"id":18528,"href":"https:\/\/www.tempakimya.com.tr\/TURKISH\/wp-json\/wp\/v2\/pages\/18396\/revisions\/18528"}],"up":[{"embeddable":true,"href":"https:\/\/www.tempakimya.com.tr\/TURKISH\/wp-json\/wp\/v2\/pages\/17924"}],"wp:attachment":[{"href":"https:\/\/www.tempakimya.com.tr\/TURKISH\/wp-json\/wp\/v2\/media?parent=18396"}],"curies":[{"name":"wp","href":"https:\/\/api.w.org\/{rel}","templated":true}]}}