{"id":18392,"date":"2020-09-24T17:22:07","date_gmt":"2020-09-24T14:22:07","guid":{"rendered":"https:\/\/tempakimya.com.tr\/2020\/?page_id=18392"},"modified":"2020-10-02T09:47:07","modified_gmt":"2020-10-02T06:47:07","slug":"maby-tec-boya-curutucu","status":"publish","type":"page","link":"https:\/\/www.tempakimya.com.tr\/TURKISH\/urunler\/teknik-grup\/maby-tec-boya-curutucu\/","title":{"rendered":"MABY TEC BOYA \u00c7\u00dcR\u00dcT\u00dcC\u00dc"},"content":{"rendered":"<p>MABY TEC BOYA \u00c7\u00dcR\u00dcT\u00dcC\u00dc<\/p>\n<p><strong>Kullan\u0131m Alanlar\u0131:<\/strong> Boya ile temas etti\u011finde, boyan\u0131n yap\u0131s\u0131n\u0131 bozarak y\u00fczeyden \u00e7\u0131kmas\u0131n\u0131 sa\u011flar.<\/p>\n<p><strong>Kullan\u0131m \u015eekli:<\/strong> Dald\u0131rma yap\u0131larak uygulan\u0131r.<\/p>\n","protected":false},"excerpt":{"rendered":"<p>MABY TEC BOYA \u00c7\u00dcR\u00dcT\u00dcC\u00dc Kullan\u0131m Alanlar\u0131: Boya ile temas etti\u011finde, boyan\u0131n yap\u0131s\u0131n\u0131 bozarak y\u00fczeyden \u00e7\u0131kmas\u0131n\u0131 sa\u011flar. Kullan\u0131m \u015eekli: Dald\u0131rma yap\u0131larak uygulan\u0131r.<\/p>\n","protected":false},"author":2,"featured_media":0,"parent":17922,"menu_order":0,"comment_status":"closed","ping_status":"closed","template":"","meta":[],"_links":{"self":[{"href":"https:\/\/www.tempakimya.com.tr\/TURKISH\/wp-json\/wp\/v2\/pages\/18392"}],"collection":[{"href":"https:\/\/www.tempakimya.com.tr\/TURKISH\/wp-json\/wp\/v2\/pages"}],"about":[{"href":"https:\/\/www.tempakimya.com.tr\/TURKISH\/wp-json\/wp\/v2\/types\/page"}],"author":[{"embeddable":true,"href":"https:\/\/www.tempakimya.com.tr\/TURKISH\/wp-json\/wp\/v2\/users\/2"}],"replies":[{"embeddable":true,"href":"https:\/\/www.tempakimya.com.tr\/TURKISH\/wp-json\/wp\/v2\/comments?post=18392"}],"version-history":[{"count":3,"href":"https:\/\/www.tempakimya.com.tr\/TURKISH\/wp-json\/wp\/v2\/pages\/18392\/revisions"}],"predecessor-version":[{"id":18527,"href":"https:\/\/www.tempakimya.com.tr\/TURKISH\/wp-json\/wp\/v2\/pages\/18392\/revisions\/18527"}],"up":[{"embeddable":true,"href":"https:\/\/www.tempakimya.com.tr\/TURKISH\/wp-json\/wp\/v2\/pages\/17922"}],"wp:attachment":[{"href":"https:\/\/www.tempakimya.com.tr\/TURKISH\/wp-json\/wp\/v2\/media?parent=18392"}],"curies":[{"name":"wp","href":"https:\/\/api.w.org\/{rel}","templated":true}]}}