{"id":18390,"date":"2020-09-24T17:21:46","date_gmt":"2020-09-24T14:21:46","guid":{"rendered":"https:\/\/tempakimya.com.tr\/2020\/?page_id=18390"},"modified":"2020-10-02T09:45:52","modified_gmt":"2020-10-02T06:45:52","slug":"maby-tec-s-21-silikonlu-kalip-ayirici","status":"publish","type":"page","link":"https:\/\/www.tempakimya.com.tr\/TURKISH\/urunler\/teknik-grup\/maby-tec-s-21-silikonlu-kalip-ayirici\/","title":{"rendered":"MABY TEC S 21 S\u0130L\u0130KONLU KALIP AYIRICI"},"content":{"rendered":"<p>MABY TEC S 21 S\u0130L\u0130KONLU KALIP AYIRICI<\/p>\n<p><strong>Kullan\u0131m Alanlar\u0131:<\/strong> Kal\u0131p ay\u0131rmada kullan\u0131l\u0131r.<\/p>\n<p><strong>Kullan\u0131m \u015eekli:<\/strong> Direkt uygulan\u0131r.<\/p>\n","protected":false},"excerpt":{"rendered":"<p>MABY TEC S 21 S\u0130L\u0130KONLU KALIP AYIRICI Kullan\u0131m Alanlar\u0131: Kal\u0131p ay\u0131rmada kullan\u0131l\u0131r. Kullan\u0131m \u015eekli: Direkt uygulan\u0131r.<\/p>\n","protected":false},"author":2,"featured_media":0,"parent":17922,"menu_order":0,"comment_status":"closed","ping_status":"closed","template":"","meta":[],"_links":{"self":[{"href":"https:\/\/www.tempakimya.com.tr\/TURKISH\/wp-json\/wp\/v2\/pages\/18390"}],"collection":[{"href":"https:\/\/www.tempakimya.com.tr\/TURKISH\/wp-json\/wp\/v2\/pages"}],"about":[{"href":"https:\/\/www.tempakimya.com.tr\/TURKISH\/wp-json\/wp\/v2\/types\/page"}],"author":[{"embeddable":true,"href":"https:\/\/www.tempakimya.com.tr\/TURKISH\/wp-json\/wp\/v2\/users\/2"}],"replies":[{"embeddable":true,"href":"https:\/\/www.tempakimya.com.tr\/TURKISH\/wp-json\/wp\/v2\/comments?post=18390"}],"version-history":[{"count":2,"href":"https:\/\/www.tempakimya.com.tr\/TURKISH\/wp-json\/wp\/v2\/pages\/18390\/revisions"}],"predecessor-version":[{"id":18524,"href":"https:\/\/www.tempakimya.com.tr\/TURKISH\/wp-json\/wp\/v2\/pages\/18390\/revisions\/18524"}],"up":[{"embeddable":true,"href":"https:\/\/www.tempakimya.com.tr\/TURKISH\/wp-json\/wp\/v2\/pages\/17922"}],"wp:attachment":[{"href":"https:\/\/www.tempakimya.com.tr\/TURKISH\/wp-json\/wp\/v2\/media?parent=18390"}],"curies":[{"name":"wp","href":"https:\/\/api.w.org\/{rel}","templated":true}]}}