{"id":18386,"date":"2020-09-24T17:20:58","date_gmt":"2020-09-24T14:20:58","guid":{"rendered":"https:\/\/tempakimya.com.tr\/2020\/?page_id=18386"},"modified":"2020-10-02T09:45:24","modified_gmt":"2020-10-02T06:45:24","slug":"maby-motor-temizleyici","status":"publish","type":"page","link":"https:\/\/www.tempakimya.com.tr\/TURKISH\/urunler\/teknik-grup\/maby-motor-temizleyici\/","title":{"rendered":"MABY MOTOR TEM\u0130ZLEY\u0130C\u0130"},"content":{"rendered":"<p>MABY MOTOR TEM\u0130ZLEY\u0130C\u0130<\/p>\n<p><strong>Kullan\u0131m Alanlar\u0131:<\/strong> Motor \u00fczerinde zamanla olu\u015fan ya\u011f\u0131, kiri temizlemek i\u00e7in kullan\u0131l\u0131r.<\/p>\n<p><strong>Kullan\u0131m \u015eekli:<\/strong> 1\/5 oran\u0131nda suland\u0131r\u0131l\u0131r ve motor f\u0131r\u00e7alan\u0131r. Motor \u00fczerinde bulunan elektromanyetik aksam iyice izole edilerek tayzikli sui le durulan\u0131r. Kaportaya s\u0131\u00e7ramamas\u0131na \u00f6zen g\u00f6sterilir.<\/p>\n","protected":false},"excerpt":{"rendered":"<p>MABY MOTOR TEM\u0130ZLEY\u0130C\u0130 Kullan\u0131m Alanlar\u0131: Motor \u00fczerinde zamanla olu\u015fan ya\u011f\u0131, kiri temizlemek i\u00e7in kullan\u0131l\u0131r. Kullan\u0131m \u015eekli: 1\/5 oran\u0131nda suland\u0131r\u0131l\u0131r ve motor f\u0131r\u00e7alan\u0131r. Motor \u00fczerinde bulunan elektromanyetik aksam iyice izole edilerek tayzikli sui le durulan\u0131r. Kaportaya s\u0131\u00e7ramamas\u0131na \u00f6zen g\u00f6sterilir.<\/p>\n","protected":false},"author":2,"featured_media":0,"parent":17922,"menu_order":0,"comment_status":"closed","ping_status":"closed","template":"","meta":[],"_links":{"self":[{"href":"https:\/\/www.tempakimya.com.tr\/TURKISH\/wp-json\/wp\/v2\/pages\/18386"}],"collection":[{"href":"https:\/\/www.tempakimya.com.tr\/TURKISH\/wp-json\/wp\/v2\/pages"}],"about":[{"href":"https:\/\/www.tempakimya.com.tr\/TURKISH\/wp-json\/wp\/v2\/types\/page"}],"author":[{"embeddable":true,"href":"https:\/\/www.tempakimya.com.tr\/TURKISH\/wp-json\/wp\/v2\/users\/2"}],"replies":[{"embeddable":true,"href":"https:\/\/www.tempakimya.com.tr\/TURKISH\/wp-json\/wp\/v2\/comments?post=18386"}],"version-history":[{"count":2,"href":"https:\/\/www.tempakimya.com.tr\/TURKISH\/wp-json\/wp\/v2\/pages\/18386\/revisions"}],"predecessor-version":[{"id":18522,"href":"https:\/\/www.tempakimya.com.tr\/TURKISH\/wp-json\/wp\/v2\/pages\/18386\/revisions\/18522"}],"up":[{"embeddable":true,"href":"https:\/\/www.tempakimya.com.tr\/TURKISH\/wp-json\/wp\/v2\/pages\/17922"}],"wp:attachment":[{"href":"https:\/\/www.tempakimya.com.tr\/TURKISH\/wp-json\/wp\/v2\/media?parent=18386"}],"curies":[{"name":"wp","href":"https:\/\/api.w.org\/{rel}","templated":true}]}}