{"id":18374,"date":"2020-09-24T17:18:06","date_gmt":"2020-09-24T14:18:06","guid":{"rendered":"https:\/\/tempakimya.com.tr\/2020\/?page_id=18374"},"modified":"2020-10-02T09:43:46","modified_gmt":"2020-10-02T06:43:46","slug":"maby-tec-lastik-parlatici","status":"publish","type":"page","link":"https:\/\/www.tempakimya.com.tr\/TURKISH\/urunler\/teknik-grup\/maby-tec-lastik-parlatici\/","title":{"rendered":"MABY TEC LAST\u0130K PARLATICI"},"content":{"rendered":"<p>MABY TEC LAST\u0130K PARLATICI<\/p>\n<p><strong>Kullan\u0131m Alanlar\u0131:\u00a0<\/strong> Lastiklerinizin ilk g\u00fcnki kadar parlak ve siyah g\u00f6z\u00fckmesini sa\u011flar.<\/p>\n<p><strong>Kullan\u0131m \u015eekli:<\/strong> Sprey yard\u0131m\u0131yla lastiklerinize s\u0131k\u0131n\u0131z ve s\u00fcngerle yay\u0131n\u0131z.<\/p>\n","protected":false},"excerpt":{"rendered":"<p>MABY TEC LAST\u0130K PARLATICI Kullan\u0131m Alanlar\u0131:\u00a0 Lastiklerinizin ilk g\u00fcnki kadar parlak ve siyah g\u00f6z\u00fckmesini sa\u011flar. Kullan\u0131m \u015eekli: Sprey yard\u0131m\u0131yla lastiklerinize s\u0131k\u0131n\u0131z ve s\u00fcngerle yay\u0131n\u0131z.<\/p>\n","protected":false},"author":2,"featured_media":0,"parent":17922,"menu_order":0,"comment_status":"closed","ping_status":"closed","template":"","meta":[],"_links":{"self":[{"href":"https:\/\/www.tempakimya.com.tr\/TURKISH\/wp-json\/wp\/v2\/pages\/18374"}],"collection":[{"href":"https:\/\/www.tempakimya.com.tr\/TURKISH\/wp-json\/wp\/v2\/pages"}],"about":[{"href":"https:\/\/www.tempakimya.com.tr\/TURKISH\/wp-json\/wp\/v2\/types\/page"}],"author":[{"embeddable":true,"href":"https:\/\/www.tempakimya.com.tr\/TURKISH\/wp-json\/wp\/v2\/users\/2"}],"replies":[{"embeddable":true,"href":"https:\/\/www.tempakimya.com.tr\/TURKISH\/wp-json\/wp\/v2\/comments?post=18374"}],"version-history":[{"count":2,"href":"https:\/\/www.tempakimya.com.tr\/TURKISH\/wp-json\/wp\/v2\/pages\/18374\/revisions"}],"predecessor-version":[{"id":18516,"href":"https:\/\/www.tempakimya.com.tr\/TURKISH\/wp-json\/wp\/v2\/pages\/18374\/revisions\/18516"}],"up":[{"embeddable":true,"href":"https:\/\/www.tempakimya.com.tr\/TURKISH\/wp-json\/wp\/v2\/pages\/17922"}],"wp:attachment":[{"href":"https:\/\/www.tempakimya.com.tr\/TURKISH\/wp-json\/wp\/v2\/media?parent=18374"}],"curies":[{"name":"wp","href":"https:\/\/api.w.org\/{rel}","templated":true}]}}