{"id":18336,"date":"2020-09-24T16:09:55","date_gmt":"2020-09-24T13:09:55","guid":{"rendered":"https:\/\/tempakimya.com.tr\/2020\/?page_id=18336"},"modified":"2020-10-02T09:30:50","modified_gmt":"2020-10-02T06:30:50","slug":"maby-tec-t-s-16-buzme-yagi-seyrelticisi","status":"publish","type":"page","link":"https:\/\/www.tempakimya.com.tr\/TURKISH\/urunler\/mobilya-temizleme-grubu\/maby-tec-t-s-16-buzme-yagi-seyrelticisi\/","title":{"rendered":"MABY TEC T S 16  B\u00dcZME YA\u011eI SEYRELT\u0130C\u0130S\u0130"},"content":{"rendered":"<p>MABY TEC T S 16 B\u00dcZME YA\u011eI SEYRELT\u0130C\u0130S\u0130<\/p>\n<p><strong>Kullan\u0131m Alanlar\u0131:<\/strong> Aliminyum sekt\u00f6r\u00fcnde folyo b\u00fczmesinde ya\u011f\u0131n micron kal\u0131nl\u0131\u011f\u0131n\u0131n ayarlanmas\u0131nda seyreltici olarak kullan\u0131l\u0131r.<\/p>\n<p><strong>Kullan\u0131m \u015eekli:<\/strong> Direkt uygulan\u0131r.<\/p>\n","protected":false},"excerpt":{"rendered":"<p>MABY TEC T S 16 B\u00dcZME YA\u011eI SEYRELT\u0130C\u0130S\u0130 Kullan\u0131m Alanlar\u0131: Aliminyum sekt\u00f6r\u00fcnde folyo b\u00fczmesinde ya\u011f\u0131n micron kal\u0131nl\u0131\u011f\u0131n\u0131n ayarlanmas\u0131nda seyreltici olarak kullan\u0131l\u0131r. Kullan\u0131m \u015eekli: Direkt uygulan\u0131r.<\/p>\n","protected":false},"author":2,"featured_media":0,"parent":17918,"menu_order":0,"comment_status":"closed","ping_status":"closed","template":"","meta":[],"_links":{"self":[{"href":"https:\/\/www.tempakimya.com.tr\/TURKISH\/wp-json\/wp\/v2\/pages\/18336"}],"collection":[{"href":"https:\/\/www.tempakimya.com.tr\/TURKISH\/wp-json\/wp\/v2\/pages"}],"about":[{"href":"https:\/\/www.tempakimya.com.tr\/TURKISH\/wp-json\/wp\/v2\/types\/page"}],"author":[{"embeddable":true,"href":"https:\/\/www.tempakimya.com.tr\/TURKISH\/wp-json\/wp\/v2\/users\/2"}],"replies":[{"embeddable":true,"href":"https:\/\/www.tempakimya.com.tr\/TURKISH\/wp-json\/wp\/v2\/comments?post=18336"}],"version-history":[{"count":2,"href":"https:\/\/www.tempakimya.com.tr\/TURKISH\/wp-json\/wp\/v2\/pages\/18336\/revisions"}],"predecessor-version":[{"id":18500,"href":"https:\/\/www.tempakimya.com.tr\/TURKISH\/wp-json\/wp\/v2\/pages\/18336\/revisions\/18500"}],"up":[{"embeddable":true,"href":"https:\/\/www.tempakimya.com.tr\/TURKISH\/wp-json\/wp\/v2\/pages\/17918"}],"wp:attachment":[{"href":"https:\/\/www.tempakimya.com.tr\/TURKISH\/wp-json\/wp\/v2\/media?parent=18336"}],"curies":[{"name":"wp","href":"https:\/\/api.w.org\/{rel}","templated":true}]}}