{"id":18328,"date":"2020-09-24T16:07:36","date_gmt":"2020-09-24T13:07:36","guid":{"rendered":"https:\/\/tempakimya.com.tr\/2020\/?page_id=18328"},"modified":"2020-10-02T09:39:32","modified_gmt":"2020-10-02T06:39:32","slug":"maby-tec-t-7-kalip-yagi","status":"publish","type":"page","link":"https:\/\/www.tempakimya.com.tr\/TURKISH\/urunler\/yaglayici-ve-yaglama-grubu\/maby-tec-t-7-kalip-yagi\/","title":{"rendered":"MABY TEC T 7 KALIP YA\u011eI"},"content":{"rendered":"<p>MABY TEC T 7 KALIP YA\u011eI<\/p>\n<p><strong>Kullan\u0131m Alanlar\u0131:<\/strong> \u0130n\u015faat kal\u0131p ve beton kal\u0131plar\u0131nda kal\u0131b\u0131n betondan ayr\u0131lmas\u0131na yard\u0131mc\u0131 olan bir malzemedir ve betona zarar vermez.<\/p>\n<p><strong>Kullan\u0131m \u015eekli:<\/strong> Direkt uygulan\u0131r. F\u0131r\u00e7a ile y\u00fczeye s\u00fcr\u00fclerek uygulan\u0131r.<\/p>\n","protected":false},"excerpt":{"rendered":"<p>MABY TEC T 7 KALIP YA\u011eI Kullan\u0131m Alanlar\u0131: \u0130n\u015faat kal\u0131p ve beton kal\u0131plar\u0131nda kal\u0131b\u0131n betondan ayr\u0131lmas\u0131na yard\u0131mc\u0131 olan bir malzemedir ve betona zarar vermez. Kullan\u0131m \u015eekli: Direkt uygulan\u0131r. F\u0131r\u00e7a ile y\u00fczeye s\u00fcr\u00fclerek uygulan\u0131r.<\/p>\n","protected":false},"author":2,"featured_media":0,"parent":17920,"menu_order":0,"comment_status":"closed","ping_status":"closed","template":"","meta":[],"_links":{"self":[{"href":"https:\/\/www.tempakimya.com.tr\/TURKISH\/wp-json\/wp\/v2\/pages\/18328"}],"collection":[{"href":"https:\/\/www.tempakimya.com.tr\/TURKISH\/wp-json\/wp\/v2\/pages"}],"about":[{"href":"https:\/\/www.tempakimya.com.tr\/TURKISH\/wp-json\/wp\/v2\/types\/page"}],"author":[{"embeddable":true,"href":"https:\/\/www.tempakimya.com.tr\/TURKISH\/wp-json\/wp\/v2\/users\/2"}],"replies":[{"embeddable":true,"href":"https:\/\/www.tempakimya.com.tr\/TURKISH\/wp-json\/wp\/v2\/comments?post=18328"}],"version-history":[{"count":2,"href":"https:\/\/www.tempakimya.com.tr\/TURKISH\/wp-json\/wp\/v2\/pages\/18328\/revisions"}],"predecessor-version":[{"id":18505,"href":"https:\/\/www.tempakimya.com.tr\/TURKISH\/wp-json\/wp\/v2\/pages\/18328\/revisions\/18505"}],"up":[{"embeddable":true,"href":"https:\/\/www.tempakimya.com.tr\/TURKISH\/wp-json\/wp\/v2\/pages\/17920"}],"wp:attachment":[{"href":"https:\/\/www.tempakimya.com.tr\/TURKISH\/wp-json\/wp\/v2\/media?parent=18328"}],"curies":[{"name":"wp","href":"https:\/\/api.w.org\/{rel}","templated":true}]}}