{"id":18324,"date":"2020-09-24T16:06:43","date_gmt":"2020-09-24T13:06:43","guid":{"rendered":"https:\/\/tempakimya.com.tr\/2020\/?page_id=18324"},"modified":"2020-10-02T09:39:07","modified_gmt":"2020-10-02T06:39:07","slug":"maby-tec-greasy-hafif-pas-sokucu-ve-yaglayici","status":"publish","type":"page","link":"https:\/\/www.tempakimya.com.tr\/TURKISH\/urunler\/yaglayici-ve-yaglama-grubu\/maby-tec-greasy-hafif-pas-sokucu-ve-yaglayici\/","title":{"rendered":"MABY TEC GREASY HAF\u0130F PAS S\u00d6K\u00dcC\u00dc VE YA\u011eLAYICI"},"content":{"rendered":"<p>MABY TEC GREASY HAF\u0130F PAS S\u00d6K\u00dcC\u00dc VE YA\u011eLAYICI<\/p>\n<p><strong>Kullan\u0131m Alanlar\u0131:<\/strong> Metaller \u00fczerinde olu\u015fan paz\u0131 s\u00f6ker ve ya\u011flama yaparak bir sure tekrar paslanmas\u0131n\u0131 \u00f6nler. S\u0131k\u0131\u015fm\u0131\u015f pasl\u0131 c\u0131vata ve somunlar\u0131n s\u00f6k\u00fclmesinde kullan\u0131l\u0131r.<\/p>\n","protected":false},"excerpt":{"rendered":"<p>MABY TEC GREASY HAF\u0130F PAS S\u00d6K\u00dcC\u00dc VE YA\u011eLAYICI Kullan\u0131m Alanlar\u0131: Metaller \u00fczerinde olu\u015fan paz\u0131 s\u00f6ker ve ya\u011flama yaparak bir sure tekrar paslanmas\u0131n\u0131 \u00f6nler. S\u0131k\u0131\u015fm\u0131\u015f pasl\u0131 c\u0131vata ve somunlar\u0131n s\u00f6k\u00fclmesinde kullan\u0131l\u0131r.<\/p>\n","protected":false},"author":2,"featured_media":0,"parent":17920,"menu_order":0,"comment_status":"closed","ping_status":"closed","template":"","meta":[],"_links":{"self":[{"href":"https:\/\/www.tempakimya.com.tr\/TURKISH\/wp-json\/wp\/v2\/pages\/18324"}],"collection":[{"href":"https:\/\/www.tempakimya.com.tr\/TURKISH\/wp-json\/wp\/v2\/pages"}],"about":[{"href":"https:\/\/www.tempakimya.com.tr\/TURKISH\/wp-json\/wp\/v2\/types\/page"}],"author":[{"embeddable":true,"href":"https:\/\/www.tempakimya.com.tr\/TURKISH\/wp-json\/wp\/v2\/users\/2"}],"replies":[{"embeddable":true,"href":"https:\/\/www.tempakimya.com.tr\/TURKISH\/wp-json\/wp\/v2\/comments?post=18324"}],"version-history":[{"count":2,"href":"https:\/\/www.tempakimya.com.tr\/TURKISH\/wp-json\/wp\/v2\/pages\/18324\/revisions"}],"predecessor-version":[{"id":18503,"href":"https:\/\/www.tempakimya.com.tr\/TURKISH\/wp-json\/wp\/v2\/pages\/18324\/revisions\/18503"}],"up":[{"embeddable":true,"href":"https:\/\/www.tempakimya.com.tr\/TURKISH\/wp-json\/wp\/v2\/pages\/17920"}],"wp:attachment":[{"href":"https:\/\/www.tempakimya.com.tr\/TURKISH\/wp-json\/wp\/v2\/media?parent=18324"}],"curies":[{"name":"wp","href":"https:\/\/api.w.org\/{rel}","templated":true}]}}