{"id":18309,"date":"2020-09-24T16:04:02","date_gmt":"2020-09-24T13:04:02","guid":{"rendered":"https:\/\/tempakimya.com.tr\/2020\/?page_id=18309"},"modified":"2020-10-02T09:30:25","modified_gmt":"2020-10-02T06:30:25","slug":"maby-tec-t-21-hassas-ahsap-kaplama-temizleyici","status":"publish","type":"page","link":"https:\/\/www.tempakimya.com.tr\/TURKISH\/urunler\/mobilya-temizleme-grubu\/maby-tec-t-21-hassas-ahsap-kaplama-temizleyici\/","title":{"rendered":"MABY TEC T 21 HASSAS AH\u015eAP KAPLAMA TEM\u0130ZLEY\u0130C\u0130"},"content":{"rendered":"<p>MABY TEC T 21 HASSAS AH\u015eAP KAPLAMA TEM\u0130ZLEY\u0130C\u0130<\/p>\n<p><strong>Kullan\u0131m Alanlar\u0131:<\/strong> Mobilya sekt\u00f6r\u00fcnde hassas ah\u015fap kaplama y\u00fczeylerin temizlenmesinde etkin bir malzemedir.<\/p>\n<p><strong>Kullan\u0131m \u015eekli:<\/strong> Direkt uygulan\u0131r. P\u00fcsk\u00fcrt\u00fclerek bez ile silinerek uygulan\u0131r.<\/p>\n","protected":false},"excerpt":{"rendered":"<p>MABY TEC T 21 HASSAS AH\u015eAP KAPLAMA TEM\u0130ZLEY\u0130C\u0130 Kullan\u0131m Alanlar\u0131: Mobilya sekt\u00f6r\u00fcnde hassas ah\u015fap kaplama y\u00fczeylerin temizlenmesinde etkin bir malzemedir. Kullan\u0131m \u015eekli: Direkt uygulan\u0131r. P\u00fcsk\u00fcrt\u00fclerek bez ile silinerek uygulan\u0131r.<\/p>\n","protected":false},"author":2,"featured_media":0,"parent":17918,"menu_order":0,"comment_status":"closed","ping_status":"closed","template":"","meta":[],"_links":{"self":[{"href":"https:\/\/www.tempakimya.com.tr\/TURKISH\/wp-json\/wp\/v2\/pages\/18309"}],"collection":[{"href":"https:\/\/www.tempakimya.com.tr\/TURKISH\/wp-json\/wp\/v2\/pages"}],"about":[{"href":"https:\/\/www.tempakimya.com.tr\/TURKISH\/wp-json\/wp\/v2\/types\/page"}],"author":[{"embeddable":true,"href":"https:\/\/www.tempakimya.com.tr\/TURKISH\/wp-json\/wp\/v2\/users\/2"}],"replies":[{"embeddable":true,"href":"https:\/\/www.tempakimya.com.tr\/TURKISH\/wp-json\/wp\/v2\/comments?post=18309"}],"version-history":[{"count":2,"href":"https:\/\/www.tempakimya.com.tr\/TURKISH\/wp-json\/wp\/v2\/pages\/18309\/revisions"}],"predecessor-version":[{"id":18499,"href":"https:\/\/www.tempakimya.com.tr\/TURKISH\/wp-json\/wp\/v2\/pages\/18309\/revisions\/18499"}],"up":[{"embeddable":true,"href":"https:\/\/www.tempakimya.com.tr\/TURKISH\/wp-json\/wp\/v2\/pages\/17918"}],"wp:attachment":[{"href":"https:\/\/www.tempakimya.com.tr\/TURKISH\/wp-json\/wp\/v2\/media?parent=18309"}],"curies":[{"name":"wp","href":"https:\/\/api.w.org\/{rel}","templated":true}]}}