{"id":18299,"date":"2020-09-24T16:01:18","date_gmt":"2020-09-24T13:01:18","guid":{"rendered":"https:\/\/tempakimya.com.tr\/2020\/?page_id=18299"},"modified":"2020-10-02T09:29:02","modified_gmt":"2020-10-02T06:29:02","slug":"maby-tec-t-3-gumus-kalem-temizleyici","status":"publish","type":"page","link":"https:\/\/www.tempakimya.com.tr\/TURKISH\/urunler\/mobilya-temizleme-grubu\/maby-tec-t-3-gumus-kalem-temizleyici\/","title":{"rendered":"MABY TEC T 3 G\u00dcM\u00dc\u015e KALEM TEM\u0130ZLEY\u0130C\u0130"},"content":{"rendered":"<p>MABY TEC T 3 G\u00dcM\u00dc\u015e KALEM TEM\u0130ZLEY\u0130C\u0130<\/p>\n<p><strong>Kullan\u0131m Alanlar\u0131:<\/strong> Mobilya sekt\u00f6r\u00fcnde \u00e7izgi ama\u00e7l\u0131 kullan\u0131lan g\u00fcm\u00fc\u015f kalem izlerinde etkin bir malzemedir.<\/p>\n<p><strong>Kullan\u0131m \u015eekli:<\/strong> Direkt uygulan\u0131r. Y\u00fczeye p\u00fcsk\u00fcrt\u00fclerek bez ile silinir.<\/p>\n","protected":false},"excerpt":{"rendered":"<p>MABY TEC T 3 G\u00dcM\u00dc\u015e KALEM TEM\u0130ZLEY\u0130C\u0130 Kullan\u0131m Alanlar\u0131: Mobilya sekt\u00f6r\u00fcnde \u00e7izgi ama\u00e7l\u0131 kullan\u0131lan g\u00fcm\u00fc\u015f kalem izlerinde etkin bir malzemedir. Kullan\u0131m \u015eekli: Direkt uygulan\u0131r. Y\u00fczeye p\u00fcsk\u00fcrt\u00fclerek bez ile silinir.<\/p>\n","protected":false},"author":2,"featured_media":0,"parent":17918,"menu_order":0,"comment_status":"closed","ping_status":"closed","template":"","meta":[],"_links":{"self":[{"href":"https:\/\/www.tempakimya.com.tr\/TURKISH\/wp-json\/wp\/v2\/pages\/18299"}],"collection":[{"href":"https:\/\/www.tempakimya.com.tr\/TURKISH\/wp-json\/wp\/v2\/pages"}],"about":[{"href":"https:\/\/www.tempakimya.com.tr\/TURKISH\/wp-json\/wp\/v2\/types\/page"}],"author":[{"embeddable":true,"href":"https:\/\/www.tempakimya.com.tr\/TURKISH\/wp-json\/wp\/v2\/users\/2"}],"replies":[{"embeddable":true,"href":"https:\/\/www.tempakimya.com.tr\/TURKISH\/wp-json\/wp\/v2\/comments?post=18299"}],"version-history":[{"count":2,"href":"https:\/\/www.tempakimya.com.tr\/TURKISH\/wp-json\/wp\/v2\/pages\/18299\/revisions"}],"predecessor-version":[{"id":18493,"href":"https:\/\/www.tempakimya.com.tr\/TURKISH\/wp-json\/wp\/v2\/pages\/18299\/revisions\/18493"}],"up":[{"embeddable":true,"href":"https:\/\/www.tempakimya.com.tr\/TURKISH\/wp-json\/wp\/v2\/pages\/17918"}],"wp:attachment":[{"href":"https:\/\/www.tempakimya.com.tr\/TURKISH\/wp-json\/wp\/v2\/media?parent=18299"}],"curies":[{"name":"wp","href":"https:\/\/api.w.org\/{rel}","templated":true}]}}