{"id":18291,"date":"2020-09-24T15:58:40","date_gmt":"2020-09-24T12:58:40","guid":{"rendered":"https:\/\/tempakimya.com.tr\/2020\/?page_id=18291"},"modified":"2020-10-02T09:27:57","modified_gmt":"2020-10-02T06:27:57","slug":"maby-tec-s-5-kenar-bantlama-mak-giris-sinavi","status":"publish","type":"page","link":"https:\/\/www.tempakimya.com.tr\/TURKISH\/urunler\/mobilya-temizleme-grubu\/maby-tec-s-5-kenar-bantlama-mak-giris-sinavi\/","title":{"rendered":"MABY TEC S 5 KENAR BANTLAMA MAK. G\u0130R\u0130\u015e SINAVI"},"content":{"rendered":"<p>MABY TEC S 5 KENAR BANTLAMA MAK. G\u0130R\u0130\u015e SIVISI<\/p>\n<p><strong>Kullan\u0131m Alanlar\u0131:<\/strong> Mobilya sekt\u00f6r\u00fcnde kenar bantlama makinelerinde kullan\u0131lan giri\u015f s\u0131v\u0131s\u0131d\u0131r.<\/p>\n<p><strong>Kullan\u0131m \u015eekli:<\/strong> Makinelerde bulunan aparatlara dolum yap\u0131l\u0131r. Ge\u00e7en par\u00e7a h\u0131z\u0131na ba\u011fl\u0131 nozul ayar\u0131 yap\u0131larak p\u00fcsk\u00fcrt\u00fclerek kullan\u0131l\u0131r.<\/p>\n","protected":false},"excerpt":{"rendered":"<p>MABY TEC S 5 KENAR BANTLAMA MAK. G\u0130R\u0130\u015e SIVISI Kullan\u0131m Alanlar\u0131: Mobilya sekt\u00f6r\u00fcnde kenar bantlama makinelerinde kullan\u0131lan giri\u015f s\u0131v\u0131s\u0131d\u0131r. Kullan\u0131m \u015eekli: Makinelerde bulunan aparatlara dolum yap\u0131l\u0131r. Ge\u00e7en par\u00e7a h\u0131z\u0131na ba\u011fl\u0131 nozul ayar\u0131 yap\u0131larak p\u00fcsk\u00fcrt\u00fclerek kullan\u0131l\u0131r.<\/p>\n","protected":false},"author":2,"featured_media":0,"parent":17918,"menu_order":0,"comment_status":"closed","ping_status":"closed","template":"","meta":[],"_links":{"self":[{"href":"https:\/\/www.tempakimya.com.tr\/TURKISH\/wp-json\/wp\/v2\/pages\/18291"}],"collection":[{"href":"https:\/\/www.tempakimya.com.tr\/TURKISH\/wp-json\/wp\/v2\/pages"}],"about":[{"href":"https:\/\/www.tempakimya.com.tr\/TURKISH\/wp-json\/wp\/v2\/types\/page"}],"author":[{"embeddable":true,"href":"https:\/\/www.tempakimya.com.tr\/TURKISH\/wp-json\/wp\/v2\/users\/2"}],"replies":[{"embeddable":true,"href":"https:\/\/www.tempakimya.com.tr\/TURKISH\/wp-json\/wp\/v2\/comments?post=18291"}],"version-history":[{"count":2,"href":"https:\/\/www.tempakimya.com.tr\/TURKISH\/wp-json\/wp\/v2\/pages\/18291\/revisions"}],"predecessor-version":[{"id":18489,"href":"https:\/\/www.tempakimya.com.tr\/TURKISH\/wp-json\/wp\/v2\/pages\/18291\/revisions\/18489"}],"up":[{"embeddable":true,"href":"https:\/\/www.tempakimya.com.tr\/TURKISH\/wp-json\/wp\/v2\/pages\/17918"}],"wp:attachment":[{"href":"https:\/\/www.tempakimya.com.tr\/TURKISH\/wp-json\/wp\/v2\/media?parent=18291"}],"curies":[{"name":"wp","href":"https:\/\/api.w.org\/{rel}","templated":true}]}}