{"id":18274,"date":"2020-09-24T15:54:59","date_gmt":"2020-09-24T12:54:59","guid":{"rendered":"https:\/\/tempakimya.com.tr\/2020\/?page_id=18274"},"modified":"2020-10-02T09:24:13","modified_gmt":"2020-10-02T06:24:13","slug":"maby-yag-cozucu","status":"publish","type":"page","link":"https:\/\/www.tempakimya.com.tr\/TURKISH\/urunler\/bulasik-yikama-grubu\/maby-yag-cozucu\/","title":{"rendered":"MABY YA\u011e \u00c7\u00d6Z\u00dcC\u00dc"},"content":{"rendered":"<p>MABY YA\u011e \u00c7\u00d6Z\u00dcC\u00dc<\/p>\n<p><strong>Kullan\u0131m Alanlar\u0131:<\/strong> Kalm\u0131\u015f, kurumu\u015f, yanm\u0131\u015f ya\u011flar\u0131n temizli\u011finde kullan\u0131l\u0131r. \u00c7izilebilecek y\u00fczeylerde kullan\u0131lmaz.<\/p>\n<p><strong>Kullan\u0131m \u015eekli:<\/strong> 1\/3-1\/10 konsantredir.<\/p>\n","protected":false},"excerpt":{"rendered":"<p>MABY YA\u011e \u00c7\u00d6Z\u00dcC\u00dc Kullan\u0131m Alanlar\u0131: Kalm\u0131\u015f, kurumu\u015f, yanm\u0131\u015f ya\u011flar\u0131n temizli\u011finde kullan\u0131l\u0131r. \u00c7izilebilecek y\u00fczeylerde kullan\u0131lmaz. Kullan\u0131m \u015eekli: 1\/3-1\/10 konsantredir.<\/p>\n","protected":false},"author":2,"featured_media":0,"parent":17916,"menu_order":0,"comment_status":"closed","ping_status":"closed","template":"","meta":[],"_links":{"self":[{"href":"https:\/\/www.tempakimya.com.tr\/TURKISH\/wp-json\/wp\/v2\/pages\/18274"}],"collection":[{"href":"https:\/\/www.tempakimya.com.tr\/TURKISH\/wp-json\/wp\/v2\/pages"}],"about":[{"href":"https:\/\/www.tempakimya.com.tr\/TURKISH\/wp-json\/wp\/v2\/types\/page"}],"author":[{"embeddable":true,"href":"https:\/\/www.tempakimya.com.tr\/TURKISH\/wp-json\/wp\/v2\/users\/2"}],"replies":[{"embeddable":true,"href":"https:\/\/www.tempakimya.com.tr\/TURKISH\/wp-json\/wp\/v2\/comments?post=18274"}],"version-history":[{"count":2,"href":"https:\/\/www.tempakimya.com.tr\/TURKISH\/wp-json\/wp\/v2\/pages\/18274\/revisions"}],"predecessor-version":[{"id":18484,"href":"https:\/\/www.tempakimya.com.tr\/TURKISH\/wp-json\/wp\/v2\/pages\/18274\/revisions\/18484"}],"up":[{"embeddable":true,"href":"https:\/\/www.tempakimya.com.tr\/TURKISH\/wp-json\/wp\/v2\/pages\/17916"}],"wp:attachment":[{"href":"https:\/\/www.tempakimya.com.tr\/TURKISH\/wp-json\/wp\/v2\/media?parent=18274"}],"curies":[{"name":"wp","href":"https:\/\/api.w.org\/{rel}","templated":true}]}}