{"id":18246,"date":"2020-09-24T15:28:47","date_gmt":"2020-09-24T12:28:47","guid":{"rendered":"https:\/\/tempakimya.com.tr\/2020\/?page_id=18246"},"modified":"2020-10-02T09:21:53","modified_gmt":"2020-10-02T06:21:53","slug":"maby-tec-sivi-sabun","status":"publish","type":"page","link":"https:\/\/www.tempakimya.com.tr\/TURKISH\/urunler\/el-yikama-grubu\/maby-tec-sivi-sabun\/","title":{"rendered":"MABY TEC SIVI SABUN"},"content":{"rendered":"<p>MABY TEC SIVI SABUN<\/p>\n<p><strong>Kullan\u0131m Alanlar:<\/strong> Cilt Ph\u2019\u0131na uygun oldu\u011fundan ellerinize zarar vermeden temizler.<\/p>\n<p><strong>Kullan\u0131m \u015eekli:<\/strong> Ellerinize bir miktar s\u0131v\u0131 sabun al\u0131p ovu\u015fturularak sui le durulan\u0131r.<\/p>\n","protected":false},"excerpt":{"rendered":"<p>MABY TEC SIVI SABUN Kullan\u0131m Alanlar: Cilt Ph\u2019\u0131na uygun oldu\u011fundan ellerinize zarar vermeden temizler. Kullan\u0131m \u015eekli: Ellerinize bir miktar s\u0131v\u0131 sabun al\u0131p ovu\u015fturularak sui le durulan\u0131r.<\/p>\n","protected":false},"author":2,"featured_media":0,"parent":17914,"menu_order":0,"comment_status":"closed","ping_status":"closed","template":"","meta":[],"_links":{"self":[{"href":"https:\/\/www.tempakimya.com.tr\/TURKISH\/wp-json\/wp\/v2\/pages\/18246"}],"collection":[{"href":"https:\/\/www.tempakimya.com.tr\/TURKISH\/wp-json\/wp\/v2\/pages"}],"about":[{"href":"https:\/\/www.tempakimya.com.tr\/TURKISH\/wp-json\/wp\/v2\/types\/page"}],"author":[{"embeddable":true,"href":"https:\/\/www.tempakimya.com.tr\/TURKISH\/wp-json\/wp\/v2\/users\/2"}],"replies":[{"embeddable":true,"href":"https:\/\/www.tempakimya.com.tr\/TURKISH\/wp-json\/wp\/v2\/comments?post=18246"}],"version-history":[{"count":2,"href":"https:\/\/www.tempakimya.com.tr\/TURKISH\/wp-json\/wp\/v2\/pages\/18246\/revisions"}],"predecessor-version":[{"id":18477,"href":"https:\/\/www.tempakimya.com.tr\/TURKISH\/wp-json\/wp\/v2\/pages\/18246\/revisions\/18477"}],"up":[{"embeddable":true,"href":"https:\/\/www.tempakimya.com.tr\/TURKISH\/wp-json\/wp\/v2\/pages\/17914"}],"wp:attachment":[{"href":"https:\/\/www.tempakimya.com.tr\/TURKISH\/wp-json\/wp\/v2\/media?parent=18246"}],"curies":[{"name":"wp","href":"https:\/\/api.w.org\/{rel}","templated":true}]}}