{"id":18235,"date":"2020-09-24T15:27:28","date_gmt":"2020-09-24T12:27:28","guid":{"rendered":"https:\/\/tempakimya.com.tr\/2020\/?page_id=18235"},"modified":"2020-10-02T09:21:15","modified_gmt":"2020-10-02T06:21:15","slug":"maby-tec-clean-hand-konsantre-personel-el-sabunu","status":"publish","type":"page","link":"https:\/\/www.tempakimya.com.tr\/TURKISH\/urunler\/el-yikama-grubu\/maby-tec-clean-hand-konsantre-personel-el-sabunu\/","title":{"rendered":"MABY TEC CLEAN HAND KONSANTRE PERSONEL EL SABUNU"},"content":{"rendered":"<p>MABY TEC CLEAN HAND KONSANTRE PERSONEL EL SABUNU<\/p>\n<p><strong>Kullan\u0131m Alanlar\u0131:<\/strong> \u00d6zellikle a\u011f\u0131r sanayide ya\u011fl\u0131 ellerde kullan\u0131l\u0131r.<\/p>\n<p><strong>Kullan\u0131m \u015eekli:<\/strong> 1\/3-1\/7 oran\u0131nda konsantredir. Bir miktar avuca d\u00f6k\u00fcl\u00fcp ovulduktan sonra su ile durulan\u0131r.<\/p>\n","protected":false},"excerpt":{"rendered":"<p>MABY TEC CLEAN HAND KONSANTRE PERSONEL EL SABUNU Kullan\u0131m Alanlar\u0131: \u00d6zellikle a\u011f\u0131r sanayide ya\u011fl\u0131 ellerde kullan\u0131l\u0131r. Kullan\u0131m \u015eekli: 1\/3-1\/7 oran\u0131nda konsantredir. Bir miktar avuca d\u00f6k\u00fcl\u00fcp ovulduktan sonra su ile durulan\u0131r.<\/p>\n","protected":false},"author":2,"featured_media":0,"parent":17914,"menu_order":0,"comment_status":"closed","ping_status":"closed","template":"","meta":[],"_links":{"self":[{"href":"https:\/\/www.tempakimya.com.tr\/TURKISH\/wp-json\/wp\/v2\/pages\/18235"}],"collection":[{"href":"https:\/\/www.tempakimya.com.tr\/TURKISH\/wp-json\/wp\/v2\/pages"}],"about":[{"href":"https:\/\/www.tempakimya.com.tr\/TURKISH\/wp-json\/wp\/v2\/types\/page"}],"author":[{"embeddable":true,"href":"https:\/\/www.tempakimya.com.tr\/TURKISH\/wp-json\/wp\/v2\/users\/2"}],"replies":[{"embeddable":true,"href":"https:\/\/www.tempakimya.com.tr\/TURKISH\/wp-json\/wp\/v2\/comments?post=18235"}],"version-history":[{"count":3,"href":"https:\/\/www.tempakimya.com.tr\/TURKISH\/wp-json\/wp\/v2\/pages\/18235\/revisions"}],"predecessor-version":[{"id":18474,"href":"https:\/\/www.tempakimya.com.tr\/TURKISH\/wp-json\/wp\/v2\/pages\/18235\/revisions\/18474"}],"up":[{"embeddable":true,"href":"https:\/\/www.tempakimya.com.tr\/TURKISH\/wp-json\/wp\/v2\/pages\/17914"}],"wp:attachment":[{"href":"https:\/\/www.tempakimya.com.tr\/TURKISH\/wp-json\/wp\/v2\/media?parent=18235"}],"curies":[{"name":"wp","href":"https:\/\/api.w.org\/{rel}","templated":true}]}}