{"id":18147,"date":"2020-09-24T14:38:29","date_gmt":"2020-09-24T11:38:29","guid":{"rendered":"https:\/\/tempakimya.com.tr\/2020\/?page_id=18147"},"modified":"2020-10-01T18:02:43","modified_gmt":"2020-10-01T15:02:43","slug":"maby-tec-granit-temizleyici","status":"publish","type":"page","link":"https:\/\/www.tempakimya.com.tr\/TURKISH\/urunler\/genel-temizlik-ve-hijyen-grubu\/maby-tec-granit-temizleyici\/","title":{"rendered":"MABY TEC GRAN\u0130T TEM\u0130ZLEY\u0130C\u0130"},"content":{"rendered":"<p>MABY TEC GRAN\u0130T TEM\u0130ZLEY\u0130C\u0130<\/p>\n<p><strong>Kullan\u0131m Alanlar\u0131:<\/strong> Granit, mermer, seramik temizli\u011finde kullan\u0131l\u0131r. Y\u00fczey \u00fczerinde parlak bir film tabakas\u0131 olu\u015fturur.<\/p>\n<p><strong>Kullan\u0131m \u015eekli:<\/strong> 1\/10-1\/20 seyreltilerek kullan\u0131l\u0131r. Y\u00fczey pamuklu mop yard\u0131m\u0131yla temizlenir.<\/p>\n","protected":false},"excerpt":{"rendered":"<p>MABY TEC GRAN\u0130T TEM\u0130ZLEY\u0130C\u0130 Kullan\u0131m Alanlar\u0131: Granit, mermer, seramik temizli\u011finde kullan\u0131l\u0131r. Y\u00fczey \u00fczerinde parlak bir film tabakas\u0131 olu\u015fturur. Kullan\u0131m \u015eekli: 1\/10-1\/20 seyreltilerek kullan\u0131l\u0131r. Y\u00fczey pamuklu mop yard\u0131m\u0131yla temizlenir.<\/p>\n","protected":false},"author":2,"featured_media":0,"parent":17910,"menu_order":0,"comment_status":"closed","ping_status":"closed","template":"","meta":[],"_links":{"self":[{"href":"https:\/\/www.tempakimya.com.tr\/TURKISH\/wp-json\/wp\/v2\/pages\/18147"}],"collection":[{"href":"https:\/\/www.tempakimya.com.tr\/TURKISH\/wp-json\/wp\/v2\/pages"}],"about":[{"href":"https:\/\/www.tempakimya.com.tr\/TURKISH\/wp-json\/wp\/v2\/types\/page"}],"author":[{"embeddable":true,"href":"https:\/\/www.tempakimya.com.tr\/TURKISH\/wp-json\/wp\/v2\/users\/2"}],"replies":[{"embeddable":true,"href":"https:\/\/www.tempakimya.com.tr\/TURKISH\/wp-json\/wp\/v2\/comments?post=18147"}],"version-history":[{"count":2,"href":"https:\/\/www.tempakimya.com.tr\/TURKISH\/wp-json\/wp\/v2\/pages\/18147\/revisions"}],"predecessor-version":[{"id":18446,"href":"https:\/\/www.tempakimya.com.tr\/TURKISH\/wp-json\/wp\/v2\/pages\/18147\/revisions\/18446"}],"up":[{"embeddable":true,"href":"https:\/\/www.tempakimya.com.tr\/TURKISH\/wp-json\/wp\/v2\/pages\/17910"}],"wp:attachment":[{"href":"https:\/\/www.tempakimya.com.tr\/TURKISH\/wp-json\/wp\/v2\/media?parent=18147"}],"curies":[{"name":"wp","href":"https:\/\/api.w.org\/{rel}","templated":true}]}}