{"id":18141,"date":"2020-09-24T14:37:15","date_gmt":"2020-09-24T11:37:15","guid":{"rendered":"https:\/\/tempakimya.com.tr\/2020\/?page_id=18141"},"modified":"2020-10-01T18:01:23","modified_gmt":"2020-10-01T15:01:23","slug":"maby-hali-sampuani","status":"publish","type":"page","link":"https:\/\/www.tempakimya.com.tr\/TURKISH\/urunler\/genel-temizlik-ve-hijyen-grubu\/maby-hali-sampuani\/","title":{"rendered":"MABY HALI \u015eAMPUANI"},"content":{"rendered":"<p>MABY HALI \u015eAMPUANI<\/p>\n<p><strong>Kullan\u0131m Alanlar\u0131:<\/strong> Hal\u0131 kilim ve t\u00fcm kuma\u015f y\u00fczeylerin temizli\u011finde kullan\u0131l\u0131r.<\/p>\n<p><strong>Kullan\u0131m \u015eekli:<\/strong> Kova i\u00e7erisinde 1\/20-1\/50 oran\u0131nda kat\u0131l\u0131r. Temiz bir bez ile hal\u0131lar silinir.<\/p>\n","protected":false},"excerpt":{"rendered":"<p>MABY HALI \u015eAMPUANI Kullan\u0131m Alanlar\u0131: Hal\u0131 kilim ve t\u00fcm kuma\u015f y\u00fczeylerin temizli\u011finde kullan\u0131l\u0131r. Kullan\u0131m \u015eekli: Kova i\u00e7erisinde 1\/20-1\/50 oran\u0131nda kat\u0131l\u0131r. Temiz bir bez ile hal\u0131lar silinir.<\/p>\n","protected":false},"author":2,"featured_media":0,"parent":17910,"menu_order":0,"comment_status":"closed","ping_status":"closed","template":"","meta":[],"_links":{"self":[{"href":"https:\/\/www.tempakimya.com.tr\/TURKISH\/wp-json\/wp\/v2\/pages\/18141"}],"collection":[{"href":"https:\/\/www.tempakimya.com.tr\/TURKISH\/wp-json\/wp\/v2\/pages"}],"about":[{"href":"https:\/\/www.tempakimya.com.tr\/TURKISH\/wp-json\/wp\/v2\/types\/page"}],"author":[{"embeddable":true,"href":"https:\/\/www.tempakimya.com.tr\/TURKISH\/wp-json\/wp\/v2\/users\/2"}],"replies":[{"embeddable":true,"href":"https:\/\/www.tempakimya.com.tr\/TURKISH\/wp-json\/wp\/v2\/comments?post=18141"}],"version-history":[{"count":2,"href":"https:\/\/www.tempakimya.com.tr\/TURKISH\/wp-json\/wp\/v2\/pages\/18141\/revisions"}],"predecessor-version":[{"id":18442,"href":"https:\/\/www.tempakimya.com.tr\/TURKISH\/wp-json\/wp\/v2\/pages\/18141\/revisions\/18442"}],"up":[{"embeddable":true,"href":"https:\/\/www.tempakimya.com.tr\/TURKISH\/wp-json\/wp\/v2\/pages\/17910"}],"wp:attachment":[{"href":"https:\/\/www.tempakimya.com.tr\/TURKISH\/wp-json\/wp\/v2\/media?parent=18141"}],"curies":[{"name":"wp","href":"https:\/\/api.w.org\/{rel}","templated":true}]}}