{"id":18138,"date":"2020-09-24T14:36:46","date_gmt":"2020-09-24T11:36:46","guid":{"rendered":"https:\/\/tempakimya.com.tr\/2020\/?page_id=18138"},"modified":"2020-10-01T18:01:02","modified_gmt":"2020-10-01T15:01:02","slug":"maby-tec-star-konsantre-yuzey-temizleyici","status":"publish","type":"page","link":"https:\/\/www.tempakimya.com.tr\/TURKISH\/urunler\/genel-temizlik-ve-hijyen-grubu\/maby-tec-star-konsantre-yuzey-temizleyici\/","title":{"rendered":"MABY TEC STAR KONSANTRE Y\u00dcZEY TEM\u0130ZLEY\u0130C\u0130"},"content":{"rendered":"<p>MABY TEC STAR KONSANTRE Y\u00dcZEY TEM\u0130ZLEY\u0130C\u0130<\/p>\n<p><strong>Kullan\u0131m alanlar\u0131:<\/strong> T\u00fcm sert zeminlerin g\u00fcnl\u00fck temizli\u011finde kullan\u0131l\u0131r. Ho\u015f kokulu y\u00fcksek konsantre bir \u00fcr\u00fcnd\u00fcr.<\/p>\n<p><strong>Kullan\u0131m \u015eekli:<\/strong> 1\/20-1\/50 konsantredir.<\/p>\n","protected":false},"excerpt":{"rendered":"<p>MABY TEC STAR KONSANTRE Y\u00dcZEY TEM\u0130ZLEY\u0130C\u0130 Kullan\u0131m alanlar\u0131: T\u00fcm sert zeminlerin g\u00fcnl\u00fck temizli\u011finde kullan\u0131l\u0131r. Ho\u015f kokulu y\u00fcksek konsantre bir \u00fcr\u00fcnd\u00fcr. Kullan\u0131m \u015eekli: 1\/20-1\/50 konsantredir.<\/p>\n","protected":false},"author":2,"featured_media":0,"parent":17910,"menu_order":0,"comment_status":"closed","ping_status":"closed","template":"","meta":[],"_links":{"self":[{"href":"https:\/\/www.tempakimya.com.tr\/TURKISH\/wp-json\/wp\/v2\/pages\/18138"}],"collection":[{"href":"https:\/\/www.tempakimya.com.tr\/TURKISH\/wp-json\/wp\/v2\/pages"}],"about":[{"href":"https:\/\/www.tempakimya.com.tr\/TURKISH\/wp-json\/wp\/v2\/types\/page"}],"author":[{"embeddable":true,"href":"https:\/\/www.tempakimya.com.tr\/TURKISH\/wp-json\/wp\/v2\/users\/2"}],"replies":[{"embeddable":true,"href":"https:\/\/www.tempakimya.com.tr\/TURKISH\/wp-json\/wp\/v2\/comments?post=18138"}],"version-history":[{"count":2,"href":"https:\/\/www.tempakimya.com.tr\/TURKISH\/wp-json\/wp\/v2\/pages\/18138\/revisions"}],"predecessor-version":[{"id":18441,"href":"https:\/\/www.tempakimya.com.tr\/TURKISH\/wp-json\/wp\/v2\/pages\/18138\/revisions\/18441"}],"up":[{"embeddable":true,"href":"https:\/\/www.tempakimya.com.tr\/TURKISH\/wp-json\/wp\/v2\/pages\/17910"}],"wp:attachment":[{"href":"https:\/\/www.tempakimya.com.tr\/TURKISH\/wp-json\/wp\/v2\/media?parent=18138"}],"curies":[{"name":"wp","href":"https:\/\/api.w.org\/{rel}","templated":true}]}}