{"id":18128,"date":"2020-09-24T14:12:03","date_gmt":"2020-09-24T11:12:03","guid":{"rendered":"https:\/\/tempakimya.com.tr\/2020\/?page_id=18128"},"modified":"2020-10-01T18:00:03","modified_gmt":"2020-10-01T15:00:03","slug":"maby-tec-polex-kir-cila-sokucu","status":"publish","type":"page","link":"https:\/\/www.tempakimya.com.tr\/TURKISH\/urunler\/genel-temizlik-ve-hijyen-grubu\/maby-tec-polex-kir-cila-sokucu\/","title":{"rendered":"MABY TEC POLEX K\u0130R C\u0130LA S\u00d6K\u00dcC\u00dc"},"content":{"rendered":"<p>MABY TEC POLEX K\u0130R C\u0130LA S\u00d6K\u00dcC\u00dc<\/p>\n<p><strong>Kullan\u0131m Alanlar\u0131:<\/strong> Cilal\u0131 y\u00fczeylerde yar\u0131 matla\u015fm\u0131\u015f ya da zedelenmi\u015f cila kal\u0131nt\u0131lar\u0131n\u0131 tamamen s\u00f6kerek yeri cila yapmak i\u00e7in uygun zemini haz\u0131rlar.<\/p>\n<p><strong>Kullan\u0131m \u015eekli:<\/strong> 1\/5-1\/10 konsantredir. Tel pet tak\u0131lm\u0131\u015f cila makinesiyle y\u00fczeydeki cila kal\u0131nt\u0131lar\u0131 temizlenir.<\/p>\n","protected":false},"excerpt":{"rendered":"<p>MABY TEC POLEX K\u0130R C\u0130LA S\u00d6K\u00dcC\u00dc Kullan\u0131m Alanlar\u0131: Cilal\u0131 y\u00fczeylerde yar\u0131 matla\u015fm\u0131\u015f ya da zedelenmi\u015f cila kal\u0131nt\u0131lar\u0131n\u0131 tamamen s\u00f6kerek yeri cila yapmak i\u00e7in uygun zemini haz\u0131rlar. Kullan\u0131m \u015eekli: 1\/5-1\/10 konsantredir. Tel pet tak\u0131lm\u0131\u015f cila makinesiyle y\u00fczeydeki cila kal\u0131nt\u0131lar\u0131 temizlenir.<\/p>\n","protected":false},"author":2,"featured_media":0,"parent":17910,"menu_order":0,"comment_status":"closed","ping_status":"closed","template":"","meta":[],"_links":{"self":[{"href":"https:\/\/www.tempakimya.com.tr\/TURKISH\/wp-json\/wp\/v2\/pages\/18128"}],"collection":[{"href":"https:\/\/www.tempakimya.com.tr\/TURKISH\/wp-json\/wp\/v2\/pages"}],"about":[{"href":"https:\/\/www.tempakimya.com.tr\/TURKISH\/wp-json\/wp\/v2\/types\/page"}],"author":[{"embeddable":true,"href":"https:\/\/www.tempakimya.com.tr\/TURKISH\/wp-json\/wp\/v2\/users\/2"}],"replies":[{"embeddable":true,"href":"https:\/\/www.tempakimya.com.tr\/TURKISH\/wp-json\/wp\/v2\/comments?post=18128"}],"version-history":[{"count":2,"href":"https:\/\/www.tempakimya.com.tr\/TURKISH\/wp-json\/wp\/v2\/pages\/18128\/revisions"}],"predecessor-version":[{"id":18439,"href":"https:\/\/www.tempakimya.com.tr\/TURKISH\/wp-json\/wp\/v2\/pages\/18128\/revisions\/18439"}],"up":[{"embeddable":true,"href":"https:\/\/www.tempakimya.com.tr\/TURKISH\/wp-json\/wp\/v2\/pages\/17910"}],"wp:attachment":[{"href":"https:\/\/www.tempakimya.com.tr\/TURKISH\/wp-json\/wp\/v2\/media?parent=18128"}],"curies":[{"name":"wp","href":"https:\/\/api.w.org\/{rel}","templated":true}]}}