{"id":18103,"date":"2020-09-24T12:27:47","date_gmt":"2020-09-24T09:27:47","guid":{"rendered":"https:\/\/tempakimya.com.tr\/2020\/?page_id=18103"},"modified":"2020-10-01T17:59:16","modified_gmt":"2020-10-01T14:59:16","slug":"maby-cok-amacli-temizleyici","status":"publish","type":"page","link":"https:\/\/www.tempakimya.com.tr\/TURKISH\/urunler\/genel-temizlik-ve-hijyen-grubu\/maby-cok-amacli-temizleyici\/","title":{"rendered":"MABY \u00c7OK AMA\u00c7LI TEM\u0130ZLEY\u0130C\u0130"},"content":{"rendered":"<p>MABY \u00c7OK AMA\u00c7LI TEM\u0130ZLEY\u0130C\u0130<\/p>\n<p><strong>Kullan\u0131m Alanlar\u0131:<\/strong> T\u00fcm sert zeminlerin temizli\u011finde kullan\u0131l\u0131r.<\/p>\n<p><strong>Kullan\u0131m \u015eekli:<\/strong> 1\/5-1\/30 de\u011fi\u015fen oranlarda su ile seyreltilerek kullan\u0131l\u0131r.<\/p>\n","protected":false},"excerpt":{"rendered":"<p>MABY \u00c7OK AMA\u00c7LI TEM\u0130ZLEY\u0130C\u0130 Kullan\u0131m Alanlar\u0131: T\u00fcm sert zeminlerin temizli\u011finde kullan\u0131l\u0131r. Kullan\u0131m \u015eekli: 1\/5-1\/30 de\u011fi\u015fen oranlarda su ile seyreltilerek kullan\u0131l\u0131r.<\/p>\n","protected":false},"author":2,"featured_media":0,"parent":17910,"menu_order":0,"comment_status":"closed","ping_status":"closed","template":"","meta":[],"_links":{"self":[{"href":"https:\/\/www.tempakimya.com.tr\/TURKISH\/wp-json\/wp\/v2\/pages\/18103"}],"collection":[{"href":"https:\/\/www.tempakimya.com.tr\/TURKISH\/wp-json\/wp\/v2\/pages"}],"about":[{"href":"https:\/\/www.tempakimya.com.tr\/TURKISH\/wp-json\/wp\/v2\/types\/page"}],"author":[{"embeddable":true,"href":"https:\/\/www.tempakimya.com.tr\/TURKISH\/wp-json\/wp\/v2\/users\/2"}],"replies":[{"embeddable":true,"href":"https:\/\/www.tempakimya.com.tr\/TURKISH\/wp-json\/wp\/v2\/comments?post=18103"}],"version-history":[{"count":3,"href":"https:\/\/www.tempakimya.com.tr\/TURKISH\/wp-json\/wp\/v2\/pages\/18103\/revisions"}],"predecessor-version":[{"id":18437,"href":"https:\/\/www.tempakimya.com.tr\/TURKISH\/wp-json\/wp\/v2\/pages\/18103\/revisions\/18437"}],"up":[{"embeddable":true,"href":"https:\/\/www.tempakimya.com.tr\/TURKISH\/wp-json\/wp\/v2\/pages\/17910"}],"wp:attachment":[{"href":"https:\/\/www.tempakimya.com.tr\/TURKISH\/wp-json\/wp\/v2\/media?parent=18103"}],"curies":[{"name":"wp","href":"https:\/\/api.w.org\/{rel}","templated":true}]}}