{"id":18071,"date":"2020-09-24T10:04:15","date_gmt":"2020-09-24T07:04:15","guid":{"rendered":"https:\/\/tempakimya.com.tr\/2020\/?page_id=18071"},"modified":"2020-10-01T17:55:40","modified_gmt":"2020-10-01T14:55:40","slug":"maby-tec-starway-karbonlasmis-is-yag-sokucu","status":"publish","type":"page","link":"https:\/\/www.tempakimya.com.tr\/TURKISH\/urunler\/genel-temizlik-ve-hijyen-grubu\/maby-tec-starway-karbonlasmis-is-yag-sokucu\/","title":{"rendered":"MABY TEC STARWAY KARBONLA\u015eMI\u015e \u0130S YA\u011e S\u00d6K\u00dcC\u00dc"},"content":{"rendered":"<p>MABY TEC STARWAY KARBONLA\u015eMI\u015e \u0130S YA\u011e \u00c7\u00d6Z\u00dcC\u00dc<\/p>\n<p><strong>Kullan\u0131m Alanlar\u0131:<\/strong> Karbon, ya\u011f, kurum temizli\u011finde<\/p>\n<p><strong>Kullan\u0131m \u015eekli:<\/strong> 1\/5-1\/50 konsantredir. S\u0131cak Su ile tatbik edilir.<\/p>\n","protected":false},"excerpt":{"rendered":"<p>MABY TEC STARWAY KARBONLA\u015eMI\u015e \u0130S YA\u011e \u00c7\u00d6Z\u00dcC\u00dc Kullan\u0131m Alanlar\u0131: Karbon, ya\u011f, kurum temizli\u011finde Kullan\u0131m \u015eekli: 1\/5-1\/50 konsantredir. S\u0131cak Su ile tatbik edilir.<\/p>\n","protected":false},"author":2,"featured_media":0,"parent":17910,"menu_order":0,"comment_status":"closed","ping_status":"closed","template":"","meta":[],"_links":{"self":[{"href":"https:\/\/www.tempakimya.com.tr\/TURKISH\/wp-json\/wp\/v2\/pages\/18071"}],"collection":[{"href":"https:\/\/www.tempakimya.com.tr\/TURKISH\/wp-json\/wp\/v2\/pages"}],"about":[{"href":"https:\/\/www.tempakimya.com.tr\/TURKISH\/wp-json\/wp\/v2\/types\/page"}],"author":[{"embeddable":true,"href":"https:\/\/www.tempakimya.com.tr\/TURKISH\/wp-json\/wp\/v2\/users\/2"}],"replies":[{"embeddable":true,"href":"https:\/\/www.tempakimya.com.tr\/TURKISH\/wp-json\/wp\/v2\/comments?post=18071"}],"version-history":[{"count":4,"href":"https:\/\/www.tempakimya.com.tr\/TURKISH\/wp-json\/wp\/v2\/pages\/18071\/revisions"}],"predecessor-version":[{"id":18429,"href":"https:\/\/www.tempakimya.com.tr\/TURKISH\/wp-json\/wp\/v2\/pages\/18071\/revisions\/18429"}],"up":[{"embeddable":true,"href":"https:\/\/www.tempakimya.com.tr\/TURKISH\/wp-json\/wp\/v2\/pages\/17910"}],"wp:attachment":[{"href":"https:\/\/www.tempakimya.com.tr\/TURKISH\/wp-json\/wp\/v2\/media?parent=18071"}],"curies":[{"name":"wp","href":"https:\/\/api.w.org\/{rel}","templated":true}]}}