{"id":18068,"date":"2020-09-24T10:00:05","date_gmt":"2020-09-24T07:00:05","guid":{"rendered":"https:\/\/tempakimya.com.tr\/2020\/?page_id=18068"},"modified":"2020-11-19T13:50:19","modified_gmt":"2020-11-19T10:50:19","slug":"maby-tech-shimmer-konsantre-wc-lavabo-tem","status":"publish","type":"page","link":"https:\/\/www.tempakimya.com.tr\/TURKISH\/urunler\/genel-temizlik-ve-hijyen-grubu\/maby-tech-shimmer-konsantre-wc-lavabo-tem\/","title":{"rendered":"MABY TECH SHIMMER KONSANTRE WC LAVABO TEM."},"content":{"rendered":"<p><img loading=\"lazy\" class=\"aligncenter  wp-image-18659\" src=\"https:\/\/www.tempakimya.com.tr\/TURKISH\/wp-content\/uploads\/2020\/11\/shimmer-foto.jpg\" alt=\"\" width=\"555\" height=\"347\" \/><\/p>\n<p>MABY TEC SH\u0130MMER<br \/>\nKONSANTRE WC LAVABO TEM\u0130ZLEY\u0130C\u0130<br \/>\nKullan\u0131m Alan\u0131 ve \u00d6zellikleri<br \/>\n\u2022 Tuvaletlerde, Banyo ve klozetlerde,<br \/>\npisuvarlarda kire\u00e7lenme,ye\u015ferme ve pis<br \/>\nkokulara asla izin vermeden temizleyen<br \/>\nkuvvetli mikrop \u00f6ld\u00fcr\u00fcc\u00fc bir temizleyicidir.<br \/>\n\u2022 Cam ve fayanslardaki lekeleri kolayca<br \/>\ntemizler.<br \/>\n\u2022 A\u011f\u0131r koku olu\u015fumunu engeller.<br \/>\n\u2022 Asit i\u00e7erir,kire\u00e7, pas, \u00fcreta\u015f\u0131, temizlik<br \/>\nmaddelerinin kal\u0131nt\u0131lar\u0131n\u0131 kolayca temizler<br \/>\n\u2022 Metal koruyucu i\u00e7ermesinden dolay\u0131<br \/>\nevyelerin temizli\u011finde ve parlat\u0131lmas\u0131nda<br \/>\nkullan\u0131l\u0131r.<br \/>\n\u2022 S\u00fcper konsantre olmas\u0131ndan dolay\u0131<br \/>\nekonomiktir.<br \/>\n\u2022 \u00c7evre dostu bir \u00fcr\u00fcnd\u00fcr.<br \/>\nKullan\u0131m \u015eekli<br \/>\n1\/1-1\/20 konsantredir. Y\u00fczeye d\u00f6k\u00fcp yayarak ya da p\u00fcsk\u00fcrterek uygulan\u0131r. Bekletip<br \/>\ndurulay\u0131n. Gerekirse f\u0131r\u00e7a ile hafif ovalayarak i\u015flemi ger\u00e7ekle\u015ftirin.<\/p>\n","protected":false},"excerpt":{"rendered":"<p>MABY TEC SH\u0130MMER KONSANTRE WC LAVABO TEM\u0130ZLEY\u0130C\u0130 Kullan\u0131m Alan\u0131 ve \u00d6zellikleri \u2022 Tuvaletlerde, Banyo ve klozetlerde, pisuvarlarda kire\u00e7lenme,ye\u015ferme ve pis kokulara asla izin vermeden temizleyen kuvvetli mikrop \u00f6ld\u00fcr\u00fcc\u00fc bir temizleyicidir. \u2022 Cam ve fayanslardaki lekeleri kolayca temizler. \u2022 A\u011f\u0131r koku olu\u015fumunu engeller. \u2022 Asit i\u00e7erir,kire\u00e7, pas, \u00fcreta\u015f\u0131, temizlik maddelerinin kal\u0131nt\u0131lar\u0131n\u0131 kolayca temizler \u2022 Metal koruyucu [&hellip;]<\/p>\n","protected":false},"author":2,"featured_media":0,"parent":17910,"menu_order":0,"comment_status":"closed","ping_status":"closed","template":"","meta":[],"_links":{"self":[{"href":"https:\/\/www.tempakimya.com.tr\/TURKISH\/wp-json\/wp\/v2\/pages\/18068"}],"collection":[{"href":"https:\/\/www.tempakimya.com.tr\/TURKISH\/wp-json\/wp\/v2\/pages"}],"about":[{"href":"https:\/\/www.tempakimya.com.tr\/TURKISH\/wp-json\/wp\/v2\/types\/page"}],"author":[{"embeddable":true,"href":"https:\/\/www.tempakimya.com.tr\/TURKISH\/wp-json\/wp\/v2\/users\/2"}],"replies":[{"embeddable":true,"href":"https:\/\/www.tempakimya.com.tr\/TURKISH\/wp-json\/wp\/v2\/comments?post=18068"}],"version-history":[{"count":4,"href":"https:\/\/www.tempakimya.com.tr\/TURKISH\/wp-json\/wp\/v2\/pages\/18068\/revisions"}],"predecessor-version":[{"id":18660,"href":"https:\/\/www.tempakimya.com.tr\/TURKISH\/wp-json\/wp\/v2\/pages\/18068\/revisions\/18660"}],"up":[{"embeddable":true,"href":"https:\/\/www.tempakimya.com.tr\/TURKISH\/wp-json\/wp\/v2\/pages\/17910"}],"wp:attachment":[{"href":"https:\/\/www.tempakimya.com.tr\/TURKISH\/wp-json\/wp\/v2\/media?parent=18068"}],"curies":[{"name":"wp","href":"https:\/\/api.w.org\/{rel}","templated":true}]}}