{"id":18061,"date":"2020-09-24T09:38:45","date_gmt":"2020-09-24T06:38:45","guid":{"rendered":"https:\/\/tempakimya.com.tr\/2020\/?page_id=18061"},"modified":"2020-11-19T12:44:37","modified_gmt":"2020-11-19T09:44:37","slug":"maby-tech-flash-konsantre-yuzey-temizleyici","status":"publish","type":"page","link":"https:\/\/www.tempakimya.com.tr\/TURKISH\/urunler\/genel-temizlik-ve-hijyen-grubu\/maby-tech-flash-konsantre-yuzey-temizleyici\/","title":{"rendered":"MABY TECH FLASH KONSANTRE Y\u00dcZEY TEM\u0130ZLEY\u0130C\u0130"},"content":{"rendered":"<p><img loading=\"lazy\" class=\"wp-image-18654 alignnone\" src=\"https:\/\/www.tempakimya.com.tr\/TURKISH\/wp-content\/uploads\/2020\/11\/FLASH-RESIM.jpg\" alt=\"\" width=\"545\" height=\"363\" \/><\/p>\n<p>MABY TEC FLASH<br \/>\nKONSANTRE Y\u00dcZEY TEM\u0130ZLEY\u0130C\u0130<br \/>\nKullan\u0131m Alan\u0131 ve \u00d6zellikleri<br \/>\n\u2022 Y\u0131kanabilir t\u00fcm y\u00fczeyleri temizler parlat\u0131r<br \/>\n\u2022 Yo\u011fun esans\u0131yla ortama ho\u015f koku b\u0131rak\u0131r<br \/>\n\u2022 \u00c7ok ama\u00e7l\u0131 kullan\u0131labilir<br \/>\n\u2022 Pek \u00e7ok temizlik malzemesinin yerini tutar<br \/>\n\u2022 Y\u00fczeyleri \u00e7izik,tortu ve su lekeleri<br \/>\nb\u0131rakmaks\u0131z\u0131n temizler<br \/>\n\u2022 S\u00fcper konsantredir<br \/>\n\u2022 Film tabakas\u0131 olu\u015fturmaz<br \/>\n\u2022 Ekonomiktir<br \/>\n\u2022 Biyolojik olarak par\u00e7alan\u0131r.\u00c7evre dostudur<br \/>\n\u2022 A\u011f\u0131r kirlerde 1\/ 10 oran\u0131nda<br \/>\n\u2022 Hafif kirlerde 1\/ 50 oran\u0131nda<br \/>\n\u2022 Cam temizli\u011finde 1\/ 100 oran\u0131nda \u00e7o\u011faltma yaparak kullanabilirsiniz<br \/>\nKullan\u0131m \u015eekli<br \/>\nSuya 1\/10-1\/50 oran\u0131nda ilave edilerek kullan\u0131l\u0131r.<\/p>\n","protected":false},"excerpt":{"rendered":"<p>MABY TEC FLASH KONSANTRE Y\u00dcZEY TEM\u0130ZLEY\u0130C\u0130 Kullan\u0131m Alan\u0131 ve \u00d6zellikleri \u2022 Y\u0131kanabilir t\u00fcm y\u00fczeyleri temizler parlat\u0131r \u2022 Yo\u011fun esans\u0131yla ortama ho\u015f koku b\u0131rak\u0131r \u2022 \u00c7ok ama\u00e7l\u0131 kullan\u0131labilir \u2022 Pek \u00e7ok temizlik malzemesinin yerini tutar \u2022 Y\u00fczeyleri \u00e7izik,tortu ve su lekeleri b\u0131rakmaks\u0131z\u0131n temizler \u2022 S\u00fcper konsantredir \u2022 Film tabakas\u0131 olu\u015fturmaz \u2022 Ekonomiktir \u2022 Biyolojik olarak par\u00e7alan\u0131r.\u00c7evre [&hellip;]<\/p>\n","protected":false},"author":2,"featured_media":0,"parent":17910,"menu_order":0,"comment_status":"closed","ping_status":"closed","template":"","meta":[],"_links":{"self":[{"href":"https:\/\/www.tempakimya.com.tr\/TURKISH\/wp-json\/wp\/v2\/pages\/18061"}],"collection":[{"href":"https:\/\/www.tempakimya.com.tr\/TURKISH\/wp-json\/wp\/v2\/pages"}],"about":[{"href":"https:\/\/www.tempakimya.com.tr\/TURKISH\/wp-json\/wp\/v2\/types\/page"}],"author":[{"embeddable":true,"href":"https:\/\/www.tempakimya.com.tr\/TURKISH\/wp-json\/wp\/v2\/users\/2"}],"replies":[{"embeddable":true,"href":"https:\/\/www.tempakimya.com.tr\/TURKISH\/wp-json\/wp\/v2\/comments?post=18061"}],"version-history":[{"count":4,"href":"https:\/\/www.tempakimya.com.tr\/TURKISH\/wp-json\/wp\/v2\/pages\/18061\/revisions"}],"predecessor-version":[{"id":18655,"href":"https:\/\/www.tempakimya.com.tr\/TURKISH\/wp-json\/wp\/v2\/pages\/18061\/revisions\/18655"}],"up":[{"embeddable":true,"href":"https:\/\/www.tempakimya.com.tr\/TURKISH\/wp-json\/wp\/v2\/pages\/17910"}],"wp:attachment":[{"href":"https:\/\/www.tempakimya.com.tr\/TURKISH\/wp-json\/wp\/v2\/media?parent=18061"}],"curies":[{"name":"wp","href":"https:\/\/api.w.org\/{rel}","templated":true}]}}