{"id":17980,"date":"2020-09-19T09:49:41","date_gmt":"2020-09-19T06:49:41","guid":{"rendered":"https:\/\/tempakimya.com.tr\/2020\/?page_id=17980"},"modified":"2020-09-19T09:49:41","modified_gmt":"2020-09-19T06:49:41","slug":"markaniza-uretim","status":"publish","type":"page","link":"https:\/\/www.tempakimya.com.tr\/TURKISH\/markaniza-uretim\/","title":{"rendered":"Markan\u0131za \u00dcretim"},"content":{"rendered":"<p class=\"style16\"><span style=\"color: #3366ff;\">TEMPA K\u0130MYA SANAY\u0130<\/span> \u00fcretimleri i\u00e7inde s\u00f6kt\u00f6rde markalara fason \u00fcretimler ve ar-ge \u00e7al\u0131\u015fmalar\u0131da yapmaktad\u0131r.<\/p>\n<p class=\"style16\">\u00c7al\u0131\u015fma Kategorilerimiz<\/p>\n<ul>\n<li class=\"style16\">End\u00fcstriyel bak\u0131m ve koruma \u00fcr\u00fcnleri<\/li>\n<li class=\"style16\">Genel temizlik \u00fcr\u00fcnleri<\/li>\n<li class=\"style16\">Deterjan guruplar\u0131<\/li>\n<li class=\"style16\">\u015eampuanlar<\/li>\n<li class=\"style16\">Oto bak\u0131m \u00fcr\u00fcnleri<\/li>\n<li class=\"style16\">Metal ve PVC \u00fcr\u00fcnleri<\/li>\n<li class=\"style16\">Dezenfektanlar<\/li>\n<li class=\"style16\">Ah\u015fap bak\u0131m ve koruma \u00fcr\u00fcnleri<\/li>\n<li class=\"style16\">Cilalar<\/li>\n<li class=\"style16\">Spesifik \u00fcr\u00fcnler<\/li>\n<\/ul>\n<p class=\"style16\">\u00a0 Bu konuda \u00e7al\u0131\u015fma yapmak isteyen m\u00fcte\u015febbisler\u00a0<a href=\"http:\/\/www.tempakimya.com.tr\/\">www.tempakimya.com.tr<\/a>\u00a0adresinden ileti\u015fim kurabilirler.<\/p>\n","protected":false},"excerpt":{"rendered":"<p>TEMPA K\u0130MYA SANAY\u0130 \u00fcretimleri i\u00e7inde s\u00f6kt\u00f6rde markalara fason \u00fcretimler ve ar-ge \u00e7al\u0131\u015fmalar\u0131da yapmaktad\u0131r. \u00c7al\u0131\u015fma Kategorilerimiz End\u00fcstriyel bak\u0131m ve koruma \u00fcr\u00fcnleri Genel temizlik \u00fcr\u00fcnleri Deterjan guruplar\u0131 \u015eampuanlar Oto bak\u0131m \u00fcr\u00fcnleri Metal ve PVC \u00fcr\u00fcnleri Dezenfektanlar Ah\u015fap bak\u0131m ve koruma \u00fcr\u00fcnleri Cilalar Spesifik \u00fcr\u00fcnler \u00a0 Bu konuda \u00e7al\u0131\u015fma yapmak isteyen m\u00fcte\u015febbisler\u00a0www.tempakimya.com.tr\u00a0adresinden ileti\u015fim kurabilirler.<\/p>\n","protected":false},"author":2,"featured_media":0,"parent":0,"menu_order":0,"comment_status":"closed","ping_status":"closed","template":"","meta":[],"_links":{"self":[{"href":"https:\/\/www.tempakimya.com.tr\/TURKISH\/wp-json\/wp\/v2\/pages\/17980"}],"collection":[{"href":"https:\/\/www.tempakimya.com.tr\/TURKISH\/wp-json\/wp\/v2\/pages"}],"about":[{"href":"https:\/\/www.tempakimya.com.tr\/TURKISH\/wp-json\/wp\/v2\/types\/page"}],"author":[{"embeddable":true,"href":"https:\/\/www.tempakimya.com.tr\/TURKISH\/wp-json\/wp\/v2\/users\/2"}],"replies":[{"embeddable":true,"href":"https:\/\/www.tempakimya.com.tr\/TURKISH\/wp-json\/wp\/v2\/comments?post=17980"}],"version-history":[{"count":1,"href":"https:\/\/www.tempakimya.com.tr\/TURKISH\/wp-json\/wp\/v2\/pages\/17980\/revisions"}],"predecessor-version":[{"id":17982,"href":"https:\/\/www.tempakimya.com.tr\/TURKISH\/wp-json\/wp\/v2\/pages\/17980\/revisions\/17982"}],"wp:attachment":[{"href":"https:\/\/www.tempakimya.com.tr\/TURKISH\/wp-json\/wp\/v2\/media?parent=17980"}],"curies":[{"name":"wp","href":"https:\/\/api.w.org\/{rel}","templated":true}]}}