{"id":17926,"date":"2020-09-11T16:19:23","date_gmt":"2020-09-11T13:19:23","guid":{"rendered":"https:\/\/tempakimya.com.tr\/2020\/?page_id=17926"},"modified":"2020-10-02T10:39:36","modified_gmt":"2020-10-02T07:39:36","slug":"kagit-grubu-ve-cop-posetleri","status":"publish","type":"page","link":"https:\/\/www.tempakimya.com.tr\/TURKISH\/urunler\/kagit-grubu-ve-cop-posetleri\/","title":{"rendered":"Ka\u011f\u0131t Grubu ve \u00c7\u00f6p Po\u015fetleri"},"content":{"rendered":"<div class=\"pt-cv-wrapper\"><div class=\"pt-cv-view pt-cv-grid pt-cv-colsys pt-cv-post-border\" id=\"pt-cv-view-182edfa5u3\"><div data-id=\"pt-cv-page-1\" class=\"pt-cv-page\" data-cvc=\"2\"><div class=\"col-md-6 col-sm-6 col-xs-12 pt-cv-content-item pt-cv-1-col\"  data-pid=\"18533\"><div class='pt-cv-ifield'><h4 class=\"pt-cv-title\"><a href=\"https:\/\/www.tempakimya.com.tr\/TURKISH\/urunler\/kagit-grubu-ve-cop-posetleri\/icten-cekmeli-tuvalet-kagidi\/\" class=\"_self cvplbd\" target=\"_self\" >\u0130\u00c7TEN \u00c7EKMEL\u0130 TUVALET KA\u011eIDI<\/a><\/h4><\/div><\/div>\n<div class=\"col-md-6 col-sm-6 col-xs-12 pt-cv-content-item pt-cv-1-col\"  data-pid=\"18537\"><div class='pt-cv-ifield'><h4 class=\"pt-cv-title\"><a href=\"https:\/\/www.tempakimya.com.tr\/TURKISH\/urunler\/kagit-grubu-ve-cop-posetleri\/dispenser-pecete\/\" class=\"_self cvplbd\" target=\"_self\" >D\u0130SPENSER PE\u00c7ETE<\/a><\/h4><\/div><\/div>\n<div class=\"col-md-6 col-sm-6 col-xs-12 pt-cv-content-item pt-cv-1-col\"  data-pid=\"18539\"><div class='pt-cv-ifield'><h4 class=\"pt-cv-title\"><a href=\"https:\/\/www.tempakimya.com.tr\/TURKISH\/urunler\/kagit-grubu-ve-cop-posetleri\/pecete\/\" class=\"_self cvplbd\" target=\"_self\" >PE\u00c7ETE<\/a><\/h4><\/div><\/div>\n<div class=\"col-md-6 col-sm-6 col-xs-12 pt-cv-content-item pt-cv-1-col\"  data-pid=\"18541\"><div class='pt-cv-ifield'><h4 class=\"pt-cv-title\"><a href=\"https:\/\/www.tempakimya.com.tr\/TURKISH\/urunler\/kagit-grubu-ve-cop-posetleri\/cop-posetleri-mini-orta-buyuk-jumbo-battal\/\" class=\"_self cvplbd\" target=\"_self\" >\u00c7\u00d6P PO\u015eETLER\u0130 M\u0130N\u0130-ORTA-B\u00dcY\u00dcK-JUMBO-BATTAL<\/a><\/h4><\/div><\/div>\n<div class=\"col-md-6 col-sm-6 col-xs-12 pt-cv-content-item pt-cv-1-col\"  data-pid=\"18543\"><div class='pt-cv-ifield'><h4 class=\"pt-cv-title\"><a href=\"https:\/\/www.tempakimya.com.tr\/TURKISH\/urunler\/kagit-grubu-ve-cop-posetleri\/tuvalet-kagidi\/\" class=\"_self cvplbd\" target=\"_self\" >TUVALET KA\u011eIDI<\/a><\/h4><\/div><\/div>\n<div class=\"col-md-6 col-sm-6 col-xs-12 pt-cv-content-item pt-cv-1-col\"  data-pid=\"18545\"><div class='pt-cv-ifield'><h4 class=\"pt-cv-title\"><a href=\"https:\/\/www.tempakimya.com.tr\/TURKISH\/urunler\/kagit-grubu-ve-cop-posetleri\/rulo-havlu\/\" class=\"_self cvplbd\" target=\"_self\" >RULO HAVLU<\/a><\/h4><\/div><\/div>\n<div class=\"col-md-6 col-sm-6 col-xs-12 pt-cv-content-item pt-cv-1-col\"  data-pid=\"18547\"><div class='pt-cv-ifield'><h4 class=\"pt-cv-title\"><a href=\"https:\/\/www.tempakimya.com.tr\/TURKISH\/urunler\/kagit-grubu-ve-cop-posetleri\/z-katli-dispanser-havlu\/\" class=\"_self cvplbd\" target=\"_self\" >Z KATLI D\u0130SPANSER HAVLU<\/a><\/h4><\/div><\/div>\n<div class=\"col-md-6 col-sm-6 col-xs-12 pt-cv-content-item pt-cv-1-col\"  data-pid=\"18549\"><div class='pt-cv-ifield'><h4 class=\"pt-cv-title\"><a href=\"https:\/\/www.tempakimya.com.tr\/TURKISH\/urunler\/kagit-grubu-ve-cop-posetleri\/icten-cekmeli-rulo-havlu\/\" class=\"_self cvplbd\" target=\"_self\" >\u0130\u00c7TEN \u00c7EKMEL\u0130 RULO HAVLU<\/a><\/h4><\/div><\/div>\n<div class=\"col-md-6 col-sm-6 col-xs-12 pt-cv-content-item pt-cv-1-col\"  data-pid=\"18551\"><div class='pt-cv-ifield'><h4 class=\"pt-cv-title\"><a href=\"https:\/\/www.tempakimya.com.tr\/TURKISH\/urunler\/kagit-grubu-ve-cop-posetleri\/mini-jumbo-tuvalet-kagidi\/\" class=\"_self cvplbd\" target=\"_self\" >M\u0130N\u0130 JUMBO TUVALET KA\u011eIDI<\/a><\/h4><\/div><\/div><\/div><\/div><\/div>\t\t\t<style type=\"text\/css\" id=\"pt-cv-inline-style-7eeea97ztv\">#pt-cv-view-182edfa5u3 .pt-cv-ifield { padding-top: 15px !important; padding-left: 10px !important; padding-bottom: 10px !important; padding-right: 10px !important; }\n#pt-cv-view-182edfa5u3.pt-cv-post-border { margin: 0; border-top-width: 1px; border-left-width: 1px }\n#pt-cv-view-182edfa5u3.pt-cv-post-border { margin: 0; border-top-style: solid; border-left-style: solid }\n#pt-cv-view-182edfa5u3.pt-cv-post-border { margin: 0; border-top-color: #e5e5e5; border-left-color: #e5e5e5 }\n#pt-cv-view-182edfa5u3.pt-cv-post-border .pt-cv-content-item   { border-right-width: 1px; border-bottom-width: 1px; border-right-style: solid; border-bottom-style: solid; border-right-color: #e5e5e5; border-bottom-color: #e5e5e5; }\n#pt-cv-view-182edfa5u3 .pt-cv-href-thumbnail  { margin-left: auto !important; margin-right: auto !important; display: block !important; text-align: center !important; clear: both !important; }\n#pt-cv-view-182edfa5u3 .pt-cv-title a, #pt-cv-view-182edfa5u3  .panel-title { font-family: 'Roboto', Arial, serif !important; font-size: 13px !important; line-height: 1.3 !important; color: #000000 !important; font-weight: 600 !important; display: block !important; text-align: left !important; clear: both !important; }\n#pt-cv-view-182edfa5u3  .pt-cv-hover-wrapper::before   { background-color: rgba(0,0,0,.3) !important; }\n#pt-cv-view-182edfa5u3  .pt-cv-content-item:hover .pt-cv-hover-wrapper::before   { background-color: rgba(51,51,51,.6) !important; }\n#pt-cv-view-182edfa5u3:not(.pt-cv-nohover) .pt-cv-mask *   { color: #fff; }\n#pt-cv-view-182edfa5u3 .pt-cv-carousel-caption  { background-color: rgba(51,51,51,.6) !important; }\n#pt-cv-view-182edfa5u3 .pt-cv-specialp { background-color: #CC3333 !important }\n#pt-cv-view-182edfa5u3 .pt-cv-specialp * { color: #fff !important; }\n#pt-cv-view-182edfa5u3 .pt-cv-pficon  { color: #bbb !important; }\n#pt-cv-view-182edfa5u3  .add_to_cart_button, #pt-cv-view-182edfa5u3  .add_to_cart_button *   { color: #ffffff !important; background-color: #00aeef !important; }\n#pt-cv-view-182edfa5u3  .woocommerce-onsale   { color: #ffffff !important; background-color: #ff5a5f !important; }\n#pt-cv-view-182edfa5u3 .pt-cv-readmore  { color: #ffffff !important; background-color: #00aeef !important; }\n#pt-cv-view-182edfa5u3 .pt-cv-readmore:hover  { color: #ffffff !important; background-color: #00aeef !important; }\n#pt-cv-view-182edfa5u3  + .pt-cv-pagination-wrapper .pt-cv-more , #pt-cv-view-182edfa5u3  + .pt-cv-pagination-wrapper .pagination .active a { color: #ffffff !important; background-color: #00aeef !important; }\n[id^='pt-cv-filter-bar-182edfa5u3'] .active.pt-cv-filter-option, [id^='pt-cv-filter-bar-182edfa5u3'] .active .pt-cv-filter-option, [id^='pt-cv-filter-bar-182edfa5u3'] .selected.pt-cv-filter-option, [id^='pt-cv-filter-bar-182edfa5u3'] .dropdown-toggle   { color: #fff !important; background-color: #00aeef !important; }\n[id^='pt-cv-filter-bar-182edfa5u3'] .pt-cv-filter-title   { color: #fff !important; background-color: #00aeef !important; }\n#pt-cv-gls-182edfa5u3 li a.pt-active   { color: #fff !important; background-color: #ff5a5f !important; }\n#pt-cv-view-182edfa5u3 .pt-cv-gls-header  { color: #fff !important; background-color: #00aeef !important; }<\/style>\r\n\t\t\t<link href='\/\/fonts.googleapis.com\/css?family=Roboto' rel='stylesheet' type='text\/css'>\n","protected":false},"excerpt":{"rendered":"\u0130\u00c7TEN \u00c7EKMEL\u0130 TUVALET KA\u011eIDI D\u0130SPENSER PE\u00c7ETE PE\u00c7ETE \u00c7\u00d6P PO\u015eETLER\u0130 M\u0130N\u0130-ORTA-B\u00dcY\u00dcK-JUMBO-BATTAL TUVALET KA\u011eIDI RULO HAVLU Z KATLI D\u0130SPANSER HAVLU \u0130\u00c7TEN \u00c7EKMEL\u0130 RULO HAVLU M\u0130N\u0130 JUMBO TUVALET KA\u011eIDI","protected":false},"author":2,"featured_media":18572,"parent":17907,"menu_order":0,"comment_status":"closed","ping_status":"closed","template":"","meta":[],"_links":{"self":[{"href":"https:\/\/www.tempakimya.com.tr\/TURKISH\/wp-json\/wp\/v2\/pages\/17926"}],"collection":[{"href":"https:\/\/www.tempakimya.com.tr\/TURKISH\/wp-json\/wp\/v2\/pages"}],"about":[{"href":"https:\/\/www.tempakimya.com.tr\/TURKISH\/wp-json\/wp\/v2\/types\/page"}],"author":[{"embeddable":true,"href":"https:\/\/www.tempakimya.com.tr\/TURKISH\/wp-json\/wp\/v2\/users\/2"}],"replies":[{"embeddable":true,"href":"https:\/\/www.tempakimya.com.tr\/TURKISH\/wp-json\/wp\/v2\/comments?post=17926"}],"version-history":[{"count":2,"href":"https:\/\/www.tempakimya.com.tr\/TURKISH\/wp-json\/wp\/v2\/pages\/17926\/revisions"}],"predecessor-version":[{"id":18536,"href":"https:\/\/www.tempakimya.com.tr\/TURKISH\/wp-json\/wp\/v2\/pages\/17926\/revisions\/18536"}],"up":[{"embeddable":true,"href":"https:\/\/www.tempakimya.com.tr\/TURKISH\/wp-json\/wp\/v2\/pages\/17907"}],"wp:featuredmedia":[{"embeddable":true,"href":"https:\/\/www.tempakimya.com.tr\/TURKISH\/wp-json\/wp\/v2\/media\/18572"}],"wp:attachment":[{"href":"https:\/\/www.tempakimya.com.tr\/TURKISH\/wp-json\/wp\/v2\/media?parent=17926"}],"curies":[{"name":"wp","href":"https:\/\/api.w.org\/{rel}","templated":true}]}}