{"id":18560,"date":"2020-10-02T10:09:51","date_gmt":"2020-10-02T07:09:51","guid":{"rendered":"https:\/\/www.tempakimya.com.tr\/TURKISH\/?page_id=18560"},"modified":"2020-10-06T09:09:14","modified_gmt":"2020-10-06T06:09:14","slug":"kariyer","status":"publish","type":"page","link":"https:\/\/www.tempakimya.com.tr\/ENGLISH\/kariyer\/","title":{"rendered":"CAREER"},"content":{"rendered":"<div id=\"quform-699499\" class=\"quform quform-2 quform-theme-light quform-support-page-caching\"><form id=\"quform-form-699499\" class=\"quform-form quform-form-2\" action=\"\/ENGLISH\/wp-json\/wp\/v2\/pages\/18560#quform-699499\" method=\"post\" enctype=\"multipart\/form-data\" novalidate=\"novalidate\" data-options=\"{&quot;id&quot;:2,&quot;uniqueId&quot;:&quot;699499&quot;,&quot;theme&quot;:&quot;light&quot;,&quot;ajax&quot;:true,&quot;logic&quot;:{&quot;logic&quot;:[],&quot;dependents&quot;:[],&quot;elementIds&quot;:[],&quot;dependentElementIds&quot;:[],&quot;animate&quot;:true},&quot;currentPageId&quot;:1,&quot;errorsIcon&quot;:&quot;&quot;,&quot;updateFancybox&quot;:true,&quot;hasPages&quot;:false,&quot;pages&quot;:[1],&quot;pageProgressType&quot;:&quot;numbers&quot;,&quot;tooltipsEnabled&quot;:true,&quot;tooltipClasses&quot;:&quot;qtip-quform-dark qtip-shadow&quot;,&quot;tooltipMy&quot;:&quot;left center&quot;,&quot;tooltipAt&quot;:&quot;right center&quot;,&quot;isRtl&quot;:false,&quot;scrollOffset&quot;:-50,&quot;scrollSpeed&quot;:800}\"><button class=\"quform-default-submit\" name=\"quform_submit\" type=\"submit\" value=\"submit\"><\/button><div class=\"quform-form-inner quform-form-inner-2\"><input type=\"hidden\" name=\"quform_form_id\" value=\"2\" \/><input type=\"hidden\" name=\"quform_form_uid\" value=\"699499\" \/><input type=\"hidden\" name=\"quform_count\" value=\"1\" \/><input type=\"hidden\" name=\"form_url\" value=\"https:\/\/www.tempakimya.com.tr\/ENGLISH\/wp-json\/wp\/v2\/pages\/18560\" \/><input type=\"hidden\" name=\"referring_url\" value=\"\" \/><input type=\"hidden\" name=\"post_id\" value=\"\" \/><input type=\"hidden\" name=\"post_title\" value=\"\" \/><input type=\"hidden\" name=\"quform_current_page_id\" value=\"1\" \/><input type=\"hidden\" name=\"quform_csrf_token\" value=\"VNHu5YQntrA9q1aL0sU2GNFtUXAv98NM1fH8r2Xj\" \/><div class=\"quform-elements quform-elements-2 quform-cf quform-responsive-elements-phone-landscape\"><div class=\"quform-element quform-element-page quform-page-1 quform-page-2_1 quform-cf quform-group-style-bordered quform-first-page quform-last-page quform-current-page\"><div class=\"quform-child-elements\"><div class=\"quform-element quform-element-row quform-element-row-2_3 quform-2-columns quform-element-row-size-fixed quform-responsive-columns-phone-landscape\"><div class=\"quform-element quform-element-column quform-element-2_4\"><div class=\"quform-element quform-element-text quform-element-2_6 quform-cf quform-element-required\"><div class=\"quform-spacer\"><div class=\"quform-label quform-label-2_6\"><label class=\"quform-label-text\" for=\"quform_2_6_699499\">Name<span class=\"quform-required\">*<\/span><\/label><\/div><div class=\"quform-inner quform-inner-text quform-inner-2_6\"><div class=\"quform-input quform-input-text quform-input-2_6 quform-cf\"><input type=\"text\" id=\"quform_2_6_699499\" name=\"quform_2_6\" class=\"quform-field quform-field-text quform-field-2_6\" \/><\/div><\/div><\/div><\/div><\/div><div class=\"quform-element quform-element-column quform-element-2_5\"><div class=\"quform-element quform-element-text quform-element-2_7 quform-cf quform-element-required\"><div class=\"quform-spacer\"><div class=\"quform-label quform-label-2_7\"><label class=\"quform-label-text\" for=\"quform_2_7_699499\">Surname<span class=\"quform-required\">*<\/span><\/label><\/div><div class=\"quform-inner quform-inner-text quform-inner-2_7\"><div class=\"quform-input quform-input-text quform-input-2_7 quform-cf\"><input type=\"text\" id=\"quform_2_7_699499\" name=\"quform_2_7\" class=\"quform-field quform-field-text quform-field-2_7\" \/><\/div><\/div><\/div><\/div><\/div><\/div><div class=\"quform-element quform-element-row quform-element-row-2_8 quform-2-columns quform-element-row-size-fixed quform-responsive-columns-phone-landscape\"><div class=\"quform-element quform-element-column quform-element-2_9\"><div class=\"quform-element quform-element-text quform-element-2_12 quform-cf quform-element-required\"><div class=\"quform-spacer\"><div class=\"quform-label quform-label-2_12\"><label class=\"quform-label-text\" for=\"quform_2_12_699499\">Phone<span class=\"quform-required\">*<\/span><\/label><\/div><div class=\"quform-inner quform-inner-text quform-inner-2_12\"><div class=\"quform-input quform-input-text quform-input-2_12 quform-cf\"><input type=\"text\" id=\"quform_2_12_699499\" name=\"quform_2_12\" class=\"quform-field quform-field-text quform-field-2_12\" \/><\/div><\/div><\/div><\/div><\/div><div class=\"quform-element quform-element-column quform-element-2_10\"><div class=\"quform-element quform-element-text quform-element-2_11 quform-cf quform-element-required\"><div class=\"quform-spacer\"><div class=\"quform-label quform-label-2_11\"><label class=\"quform-label-text\" for=\"quform_2_11_699499\">Mail<span class=\"quform-required\">*<\/span><\/label><\/div><div class=\"quform-inner quform-inner-text quform-inner-2_11\"><div class=\"quform-input quform-input-text quform-input-2_11 quform-cf\"><input type=\"text\" id=\"quform_2_11_699499\" name=\"quform_2_11\" class=\"quform-field quform-field-text quform-field-2_11\" \/><\/div><\/div><\/div><\/div><\/div><\/div><div class=\"quform-element quform-element-row quform-element-row-2_15 quform-2-columns quform-element-row-size-fixed quform-responsive-columns-phone-landscape\"><div class=\"quform-element quform-element-column quform-element-2_16\"><div class=\"quform-element quform-element-date quform-element-2_37 quform-cf quform-element-required\"><div class=\"quform-spacer\"><div class=\"quform-label quform-label-2_37\"><label class=\"quform-label-text\" for=\"quform_2_37_699499\">Date of Birth<span class=\"quform-required\">*<\/span><\/label><\/div><div class=\"quform-inner quform-inner-date quform-inner-2_37\"><div class=\"quform-input quform-input-date quform-input-2_37 quform-cf quform-has-field-icon-right\"><input type=\"text\" id=\"quform_2_37_699499\" name=\"quform_2_37\" class=\"quform-field quform-field-date quform-field-2_37\" placeholder=\"YYYY-MM-DD\" data-options=\"{&quot;format&quot;:&quot;&quot;,&quot;min&quot;:&quot;&quot;,&quot;max&quot;:&quot;&quot;,&quot;start&quot;:&quot;month&quot;,&quot;depth&quot;:&quot;month&quot;,&quot;showFooter&quot;:false,&quot;locale&quot;:&quot;tr-TR&quot;,&quot;placeholder&quot;:&quot;&quot;,&quot;autoOpen&quot;:true,&quot;identifier&quot;:&quot;2_37&quot;}\" \/><span class=\"quform-field-icon quform-field-icon-right\"><i class=\"qicon-calendar\"><\/i><\/span><\/div><\/div><\/div><\/div><\/div><div class=\"quform-element quform-element-column quform-element-2_17\"><div class=\"quform-element quform-element-select quform-element-2_38 quform-cf quform-element-required\"><div class=\"quform-spacer\"><div class=\"quform-label quform-label-2_38\"><label class=\"quform-label-text\" for=\"quform_2_38_699499\">Gender<span class=\"quform-required\">*<\/span><\/label><\/div><div class=\"quform-inner quform-inner-select quform-inner-2_38\"><div class=\"quform-input quform-input-select quform-input-2_38 quform-cf\"><select id=\"quform_2_38_699499\" name=\"quform_2_38\" class=\"quform-field quform-field-select quform-field-2_38\"><option value=\"\" selected=\"selected\">L\u00fctfen se\u00e7in<\/option><option value=\"Woman\">Woman<\/option><option value=\"Ekek\">Ekek<\/option><\/select><\/div><\/div><\/div><\/div><\/div><\/div><div class=\"quform-element quform-element-row quform-element-row-2_39 quform-2-columns quform-element-row-size-fixed quform-responsive-columns-phone-landscape\"><div class=\"quform-element quform-element-column quform-element-2_40\"><div class=\"quform-element quform-element-select quform-element-2_42 quform-cf quform-element-required\"><div class=\"quform-spacer\"><div class=\"quform-label quform-label-2_42\"><label class=\"quform-label-text\" for=\"quform_2_42_699499\">Education Status<span class=\"quform-required\">*<\/span><\/label><\/div><div class=\"quform-inner quform-inner-select quform-inner-2_42\"><div class=\"quform-input quform-input-select quform-input-2_42 quform-cf\"><select id=\"quform_2_42_699499\" name=\"quform_2_42\" class=\"quform-field quform-field-select quform-field-2_42\"><option value=\"\" selected=\"selected\">L\u00fctfen se\u00e7in<\/option><option value=\"First\">First<\/option><option value=\"Middle\">Middle<\/option><option value=\"High\">High<\/option><option value=\"Degree\">Degree<\/option><option value=\"License\">License<\/option><option value=\"Post graduate\">Post graduate<\/option><option value=\"PhD\">PhD<\/option><\/select><\/div><\/div><\/div><\/div><\/div><div class=\"quform-element quform-element-column quform-element-2_41\"><div class=\"quform-element quform-element-text quform-element-2_44 quform-cf quform-element-required\"><div class=\"quform-spacer\"><div class=\"quform-label quform-label-2_44\"><label class=\"quform-label-text\" for=\"quform_2_44_699499\">The Partition You Want To Work<span class=\"quform-required\">*<\/span><\/label><\/div><div class=\"quform-inner quform-inner-text quform-inner-2_44\"><div class=\"quform-input quform-input-text quform-input-2_44 quform-cf\"><input type=\"text\" id=\"quform_2_44_699499\" name=\"quform_2_44\" class=\"quform-field quform-field-text quform-field-2_44\" \/><\/div><\/div><\/div><\/div><\/div><\/div><div class=\"quform-element quform-element-textarea quform-element-2_45 quform-cf quform-element-required\"><div class=\"quform-spacer\"><div class=\"quform-label quform-label-2_45\"><label class=\"quform-label-text\" for=\"quform_2_45_699499\">Tell Me Briefly About Yourself<span class=\"quform-required\">*<\/span><\/label><\/div><div class=\"quform-inner quform-inner-textarea quform-inner-2_45\"><div class=\"quform-input quform-input-textarea quform-input-2_45 quform-cf\"><textarea id=\"quform_2_45_699499\" name=\"quform_2_45\" class=\"quform-field quform-field-textarea quform-field-2_45\"><\/textarea><\/div><\/div><\/div><\/div><div class=\"quform-element quform-element-file quform-element-2_46 quform-cf quform-element-optional\"><div class=\"quform-spacer\"><div class=\"quform-label quform-label-2_46\"><label class=\"quform-label-text\" for=\"quform_2_46_699499\">CV Y\u00fckle (En fazla 3 mb. Uzant\u0131:Pdf, Doc veya docx)<\/label><\/div><div class=\"quform-inner quform-inner-file quform-inner-2_46\"><div class=\"quform-input quform-input-file quform-input-2_46 quform-cf quform-button-style-theme\"><input type=\"file\" id=\"quform_2_46_699499\" name=\"quform_2_46[]\" class=\"quform-field quform-field-file quform-field-2_46 quform-field-file-enhanced\" data-config=\"{&quot;id&quot;:46,&quot;identifier&quot;:&quot;2_46&quot;,&quot;name&quot;:&quot;quform_2_46&quot;,&quot;max&quot;:1,&quot;size&quot;:10485760,&quot;allowedExtensions&quot;:[&quot;jpg&quot;,&quot;jpeg&quot;,&quot;png&quot;,&quot;gif&quot;],&quot;notAllowedTypeWithFilename&quot;:&quot;&#039;%filename%&#039; dosya t\\u00fcr\\u00fcne izin verilmiyor&quot;,&quot;tooBigWithFilename&quot;:&quot;&#039;%filename%&#039; dosya ad\\u0131, izin verilen maksimum dosya boyutunu a\\u015f\\u0131yor&quot;,&quot;tooMany&quot;:&quot;%max%&#039;den fazla dosya y\\u00fckleyemezsiniz&quot;,&quot;buttonType&quot;:&quot;button&quot;,&quot;buttonText&quot;:&quot;Ara\\u015ft\\u0131r...&quot;,&quot;buttonIcon&quot;:&quot;qicon-file_upload&quot;,&quot;buttonIconPosition&quot;:&quot;right&quot;}\" \/><\/div><\/div><\/div><\/div><div class=\"quform-element quform-element-captcha quform-element-2_36 quform-cf quform-element-required\"><div class=\"quform-spacer\"><div class=\"quform-label quform-label-2_36\"><label class=\"quform-label-text\" for=\"quform_2_36_699499\">Please type the characters<span class=\"quform-required\">*<\/span><\/label><\/div><div class=\"quform-inner quform-inner-captcha quform-inner-2_36\"><div class=\"quform-input quform-input-captcha quform-input-2_36 quform-cf\"><input type=\"text\" id=\"quform_2_36_699499\" name=\"quform_2_36\" class=\"quform-field quform-field-captcha quform-field-2_36\" \/><\/div><div class=\"quform-captcha quform-cf\"><div class=\"quform-captcha-image quform-captcha-image-2_36\"><img src=\"data:image\/png;base64,iVBORw0KGgoAAAANSUhEUgAAAOYAAABQBAMAAAD\/1xTgAAAAG1BMVEX\/\/\/8iIiKsrKx0dHQ9PT1ZWVnj4+PHx8eQkJDTNwViAAAACXBIWXMAAA7EAAAOxAGVKw4bAAADoElEQVRoge1YTVPbMBA1jrFzrIiTcCRhhuHYFGg54tYDPeLSMDkqBChHTChwjKEMf7srybG1skKEO3h68Lt4oqz19ku7K1tWjRo1atSoUeOfsRn+qJryghByVDFnAJyEVkrZZJRko1JOh7R\/EzKrktJLSHe1WjunEE2\/T9oVUk54MFsPG9VRujxnq43mOTh2JyKkWyHngPjXlgfOlRefR+9J6RLSgUeP+NIiJPHHd+Rsikg6hEiLsVCkDC7C2VKZhjiXDip9cSG87uX9fZ96TzvDYfhd\/uMhOkZyAQ7SIk6m2AqyEzQ4QFIDntqHsUjxXLurSPGIbVK3m2L7BMXTjdroRU9wrfXE83q+fls4ZEacsN06F11\/XYihM+aPtGB5e6dgpb+FRU18a8F7o+1AdqYb+WGItLd2faDaod4jWHrH7fCeQc1eMdcmvkHGC90lh7FoFvcaCEeMUzN49zuCVazb9PFuOSO3k+E0X9FyxiLgSZrQK7zhuigLRDQN7GwISnkasnWcaa8L0hg0\/F0oXQ0lC\/hma0s5wbXDk30lES4J+aDIeTziXpam1IXzEyhHyjbj7Olk3CInWNjlhtBMi6DYjW6eTJpFzNzza3MYhqNsN8Z5UFSuzcIodfaGbobSaFsA+Pbkp4hpfrB0nA5LbewVKAktiqU8zZsFpDnEkVVOHWeT\/R8hK9gx+4qlbGmXhXDTs8KCkyWhjhO81nFxj+NV+LOqmUFNsNkE9kLZMztsWs6EtJpy6QA\/+hNW\/LZpvtYwGnK8eVDGeU5qowL\/nyudfU1U+WN5zWRkdea6r+ZGeLqogAkRqgExCJ1FmNNBnliELBUdZGeR01XLU0RuKEsDeXZaMbr2ZKmY5GdPy2kpJoFQ0AnIN2TXGPX+RQhS3SdSBdFzxqgGeH\/gZ3e6pcrgqq\/HQNSCqVzI9JwQcMkINjO0C7HrGV1BQPtR\/ymSj+eCkw3zlVSFBqT9UpRJTMYErj2Hnyu9oJqcPdL8x+QT1YgMXp1x5pjfV\/yNfM0uPVNHBq3MEt8SCE6\/8pyB4b3nbO9kH48x5TnLXwBKc+qa\/XtzGrVPPZplr8BG7bP4VnBk2pEU9Klp+1QRsyJt1h0wbtMZbfZ2zkSMPSaVGiNiVa+MspyTXr1+Y9KDsOreMyrxKtLr3mEJzpZVStn0siLXXlOks9xBCU4xB54uF1QxVq93b4C9S8IvJd4TvaLij8CgrF\/5x+4aNWrUqPFf4C8zI5Al16Y2bwAAAABJRU5ErkJggg==\" alt=\"CAPTCHA Resmi\" data-element-id=\"36\" width=\"115\" height=\"40\" \/><\/div><\/div><p class=\"quform-description quform-description-below\">This will help prevent spam, thank you.<\/p><\/div><\/div><\/div><div class=\"quform-element quform-element-submit quform-element-2_2 quform-cf quform-button-style-theme\"><div class=\"quform-button-submit quform-button-submit-default quform-button-submit-2_2\"><button name=\"quform_submit\" type=\"submit\" class=\"quform-submit\" value=\"submit\"><span class=\"quform-button-text quform-button-submit-text\">G\u00f6nder<\/span><\/button><\/div><div class=\"quform-loading quform-loading-position-left quform-loading-type-spinner-1\"><div class=\"quform-loading-inner\"><div class=\"quform-loading-spinner\"><div class=\"quform-loading-spinner-inner\"><\/div><\/div><\/div><\/div><\/div><div class=\"quform-element-tree\"><label for=\"quform_2_0_699499\">Bu alan bo\u015f b\u0131rak\u0131lmal\u0131d\u0131r<\/label><input type=\"text\" id=\"quform_2_0_699499\" name=\"quform_2_0\" class=\"quform-field quform-field-tree quform-field-2_0\" tabindex=\"-1\" autocomplete=\"off\" \/><\/div><\/div><\/div><\/div><div class=\"quform-upload-progress-wrap\"><div class=\"quform-upload-progress-bar-wrap\"><div class=\"quform-upload-progress-bar\"><\/div><\/div><div class=\"quform-upload-info quform-cf\"><div class=\"quform-upload-filename\"><\/div><\/div><\/div><\/div><\/form><\/div>\n","protected":false},"excerpt":{"rendered":"Name*Surname*Phone*Mail*Date of Birth*Gender*L\u00fctfen se\u00e7inWomanEkekEducation Status*L\u00fctfen se\u00e7inFirstMiddleHighDegreeLicensePost graduatePhDThe Partition You Want To Work*Tell Me Briefly About Yourself*CV Y\u00fckle (En fazla 3 mb. Uzant\u0131:Pdf, Doc veya docx)Please type the characters*This will help prevent spam, thank you.G\u00f6nderBu alan bo\u015f b\u0131rak\u0131lmal\u0131d\u0131r","protected":false},"author":2,"featured_media":0,"parent":0,"menu_order":0,"comment_status":"closed","ping_status":"closed","template":"","meta":[],"_links":{"self":[{"href":"https:\/\/www.tempakimya.com.tr\/ENGLISH\/wp-json\/wp\/v2\/pages\/18560"}],"collection":[{"href":"https:\/\/www.tempakimya.com.tr\/ENGLISH\/wp-json\/wp\/v2\/pages"}],"about":[{"href":"https:\/\/www.tempakimya.com.tr\/ENGLISH\/wp-json\/wp\/v2\/types\/page"}],"author":[{"embeddable":true,"href":"https:\/\/www.tempakimya.com.tr\/ENGLISH\/wp-json\/wp\/v2\/users\/2"}],"replies":[{"embeddable":true,"href":"https:\/\/www.tempakimya.com.tr\/ENGLISH\/wp-json\/wp\/v2\/comments?post=18560"}],"version-history":[{"count":4,"href":"https:\/\/www.tempakimya.com.tr\/ENGLISH\/wp-json\/wp\/v2\/pages\/18560\/revisions"}],"predecessor-version":[{"id":18591,"href":"https:\/\/www.tempakimya.com.tr\/ENGLISH\/wp-json\/wp\/v2\/pages\/18560\/revisions\/18591"}],"wp:attachment":[{"href":"https:\/\/www.tempakimya.com.tr\/ENGLISH\/wp-json\/wp\/v2\/media?parent=18560"}],"curies":[{"name":"wp","href":"https:\/\/api.w.org\/{rel}","templated":true}]}}