{"id":18265,"date":"2020-09-24T15:50:53","date_gmt":"2020-09-24T12:50:53","guid":{"rendered":"https:\/\/tempakimya.com.tr\/2020\/?page_id=18265"},"modified":"2020-10-02T09:23:18","modified_gmt":"2020-10-02T06:23:18","slug":"maby-tec-automat-limes-bulasik-makinesi-kirec-cozucu","status":"publish","type":"page","link":"https:\/\/www.tempakimya.com.tr\/ENGLISH\/urunler\/bulasik-yikama-grubu\/maby-tec-automat-limes-bulasik-makinesi-kirec-cozucu\/","title":{"rendered":"MABY TEC AUTOMAT L\u0130MES BULA\u015eIK MAK\u0130NES\u0130 K\u0130RE\u00c7 \u00c7\u00d6Z\u00dcC\u00dc"},"content":{"rendered":"<p>MABY TEC AUTOMAT L\u0130MES BULA\u015eIK MAK. K\u0130RE\u00c7 \u00c7\u00d6Z.<\/p>\n<p><strong>Kullan\u0131m Alanlar\u0131:<\/strong> Bula\u015f\u0131k makinesinde sudan kaynaklanan kire\u00e7 kal\u0131nt\u0131lar\u0131n\u0131 temizlemede kullan\u0131l\u0131r.<\/p>\n<p><strong>Kullan\u0131m \u015eekli:<\/strong> Bula\u015f\u0131k makinesi bo\u015fken 1\/10-1\/20 oran\u0131nda suland\u0131r\u0131larak makineye konulur ve makine \u00e7al\u0131\u015ft\u0131r\u0131l\u0131r. \u0130\u015flem sonras\u0131nda durulama yap\u0131lmal\u0131d\u0131r.<\/p>\n","protected":false},"excerpt":{"rendered":"<p>MABY TEC AUTOMAT L\u0130MES BULA\u015eIK MAK. K\u0130RE\u00c7 \u00c7\u00d6Z. Kullan\u0131m Alanlar\u0131: Bula\u015f\u0131k makinesinde sudan kaynaklanan kire\u00e7 kal\u0131nt\u0131lar\u0131n\u0131 temizlemede kullan\u0131l\u0131r. Kullan\u0131m \u015eekli: Bula\u015f\u0131k makinesi bo\u015fken 1\/10-1\/20 oran\u0131nda suland\u0131r\u0131larak makineye konulur ve makine \u00e7al\u0131\u015ft\u0131r\u0131l\u0131r. \u0130\u015flem sonras\u0131nda durulama yap\u0131lmal\u0131d\u0131r.<\/p>\n","protected":false},"author":2,"featured_media":0,"parent":17916,"menu_order":0,"comment_status":"closed","ping_status":"closed","template":"","meta":[],"_links":{"self":[{"href":"https:\/\/www.tempakimya.com.tr\/ENGLISH\/wp-json\/wp\/v2\/pages\/18265"}],"collection":[{"href":"https:\/\/www.tempakimya.com.tr\/ENGLISH\/wp-json\/wp\/v2\/pages"}],"about":[{"href":"https:\/\/www.tempakimya.com.tr\/ENGLISH\/wp-json\/wp\/v2\/types\/page"}],"author":[{"embeddable":true,"href":"https:\/\/www.tempakimya.com.tr\/ENGLISH\/wp-json\/wp\/v2\/users\/2"}],"replies":[{"embeddable":true,"href":"https:\/\/www.tempakimya.com.tr\/ENGLISH\/wp-json\/wp\/v2\/comments?post=18265"}],"version-history":[{"count":2,"href":"https:\/\/www.tempakimya.com.tr\/ENGLISH\/wp-json\/wp\/v2\/pages\/18265\/revisions"}],"predecessor-version":[{"id":18480,"href":"https:\/\/www.tempakimya.com.tr\/ENGLISH\/wp-json\/wp\/v2\/pages\/18265\/revisions\/18480"}],"up":[{"embeddable":true,"href":"https:\/\/www.tempakimya.com.tr\/ENGLISH\/wp-json\/wp\/v2\/pages\/17916"}],"wp:attachment":[{"href":"https:\/\/www.tempakimya.com.tr\/ENGLISH\/wp-json\/wp\/v2\/media?parent=18265"}],"curies":[{"name":"wp","href":"https:\/\/api.w.org\/{rel}","templated":true}]}}